CRAN Package Check Results for Package crrSC

Last updated on 2025-04-30 04:50:03 CEST.

Flavor Version Tinstall Tcheck Ttotal Status Flags
r-devel-linux-x86_64-debian-clang 1.1.2 9.41 57.07 66.48 NOTE
r-devel-linux-x86_64-debian-gcc 1.1.2 7.22 42.43 49.65 NOTE
r-devel-linux-x86_64-fedora-clang 1.1.2 102.26 NOTE
r-devel-linux-x86_64-fedora-gcc 1.1.2 100.74 NOTE
r-devel-windows-x86_64 1.1.2 14.00 81.00 95.00 OK
r-patched-linux-x86_64 1.1.2 9.06 55.49 64.55 OK
r-release-linux-x86_64 1.1.2 9.16 55.10 64.26 OK
r-release-macos-arm64 1.1.2 39.00 OK
r-release-macos-x86_64 1.1.2 62.00 OK
r-release-windows-x86_64 1.1.2 13.00 81.00 94.00 OK
r-oldrel-macos-arm64 1.1.2 36.00 OK
r-oldrel-macos-x86_64 1.1.2 47.00 OK
r-oldrel-windows-x86_64 1.1.2 15.00 88.00 103.00 OK

Check Details

Version: 1.1.2
Check: CRAN incoming feasibility
Result: NOTE Maintainer: ‘Aurelien Latouche <aurelien.latouche@cnam.fr>’ No Authors@R field in DESCRIPTION. Please add one, modifying Authors@R: c(person(given = "Bingqing", family = "Zhou", role = "aut"), person(given = "Aurelien", family = "Latouche", role = c("aut", "cre"), email = "aurelien.latouche@cnam.fr")) as necessary. Flavors: r-devel-linux-x86_64-debian-clang, r-devel-linux-x86_64-debian-gcc

Version: 1.1.2
Check: compiled code
Result: NOTE File ‘crrSC/libs/crrSC.so’: Found no calls to: ‘R_registerRoutines’, ‘R_useDynamicSymbols’ It is good practice to register native routines and to disable symbol search. See ‘Writing portable packages’ in the ‘Writing R Extensions’ manual. Flavors: r-devel-linux-x86_64-fedora-clang, r-devel-linux-x86_64-fedora-gcc