Last updated on 2025-04-30 04:50:03 CEST.
Flavor | Version | Tinstall | Tcheck | Ttotal | Status | Flags |
---|---|---|---|---|---|---|
r-devel-linux-x86_64-debian-clang | 2024.1.1 | 6.77 | 60.36 | 67.13 | NOTE | |
r-devel-linux-x86_64-debian-gcc | 2024.1.1 | 4.88 | 43.58 | 48.46 | OK | |
r-devel-linux-x86_64-fedora-clang | 2024.1.1 | 102.68 | OK | |||
r-devel-linux-x86_64-fedora-gcc | 2024.1.1 | 102.16 | OK | |||
r-devel-windows-x86_64 | 2024.1.1 | 7.00 | 71.00 | 78.00 | OK | |
r-patched-linux-x86_64 | 2024.1.1 | 6.74 | 58.33 | 65.07 | OK | |
r-release-linux-x86_64 | 2024.1.1 | 6.11 | 58.55 | 64.66 | OK | |
r-release-macos-arm64 | 2024.1.1 | 36.00 | OK | |||
r-release-macos-x86_64 | 2024.1.1 | 61.00 | OK | |||
r-release-windows-x86_64 | 2024.1.1 | 8.00 | 75.00 | 83.00 | OK | |
r-oldrel-macos-arm64 | 2024.1.1 | 35.00 | OK | |||
r-oldrel-macos-x86_64 | 2024.1.1 | 75.00 | OK | |||
r-oldrel-windows-x86_64 | 2024.1.1 | 9.00 | 90.00 | 99.00 | OK |
Version: 2024.1.1
Check: examples
Result: NOTE
Examples with CPU (user + system) or elapsed time > 5s
user system elapsed
crrstep 5.201 0.003 6.341
Flavor: r-devel-linux-x86_64-debian-clang