CRAN Package Check Results for Package crs

Last updated on 2025-04-30 04:50:03 CEST.

Flavor Version Tinstall Tcheck Ttotal Status Flags
r-devel-linux-x86_64-debian-clang 0.15-38 232.04 204.35 436.39 NOTE
r-devel-linux-x86_64-debian-gcc 0.15-38 185.53 156.67 342.20 NOTE
r-devel-linux-x86_64-fedora-clang 0.15-38 827.50 OK
r-devel-linux-x86_64-fedora-gcc 0.15-38 805.38 OK
r-devel-windows-x86_64 0.15-38 287.00 186.00 473.00 OK --no-vignettes
r-patched-linux-x86_64 0.15-38 260.22 197.28 457.50 NOTE
r-release-linux-x86_64 0.15-38 255.65 196.80 452.45 NOTE
r-release-macos-arm64 0.15-38 255.00 OK
r-release-macos-x86_64 0.15-38 306.00 OK
r-release-windows-x86_64 0.15-38 287.00 162.00 449.00 OK --no-vignettes
r-oldrel-macos-arm64 0.15-38 226.00 NOTE
r-oldrel-macos-x86_64 0.15-38 256.00 NOTE
r-oldrel-windows-x86_64 0.15-38 324.00 215.00 539.00 OK --no-vignettes

Check Details

Version: 0.15-38
Check: for unstated dependencies in ‘demo’
Result: NOTE 'library' or 'require' call not declared from: ‘ggplot2’ Flavors: r-devel-linux-x86_64-debian-clang, r-devel-linux-x86_64-debian-gcc, r-patched-linux-x86_64, r-release-linux-x86_64

Version: 0.15-38
Check: installed package size
Result: NOTE installed size is 29.3Mb sub-directories of 1Mb or more: libs 27.6Mb Flavors: r-oldrel-macos-arm64, r-oldrel-macos-x86_64