CRAN Package Check Results for Package crsra

Last updated on 2025-04-30 04:50:03 CEST.

Flavor Version Tinstall Tcheck Ttotal Status Flags
r-devel-linux-x86_64-debian-clang 0.2.3 10.66 95.62 106.28 NOTE
r-devel-linux-x86_64-debian-gcc 0.2.3 7.98 69.10 77.08 NOTE
r-devel-linux-x86_64-fedora-clang 0.2.3 158.20 OK
r-devel-linux-x86_64-fedora-gcc 0.2.3 166.36 OK
r-devel-windows-x86_64 0.2.3 11.00 113.00 124.00 NOTE
r-patched-linux-x86_64 0.2.3 9.92 89.25 99.17 NOTE
r-release-linux-x86_64 0.2.3 10.07 89.09 99.16 NOTE
r-release-macos-arm64 0.2.3 56.00 OK
r-release-macos-x86_64 0.2.3 104.00 OK
r-release-windows-x86_64 0.2.3 13.00 109.00 122.00 NOTE
r-oldrel-macos-arm64 0.2.3 53.00 OK
r-oldrel-macos-x86_64 0.2.3 75.00 OK
r-oldrel-windows-x86_64 0.2.3 15.00 132.00 147.00 OK

Check Details

Version: 0.2.3
Check: Rd cross-references
Result: NOTE Found the following Rd file(s) with Rd \link{} targets missing package anchors: crsra_anonymize.Rd: digest Please provide package anchors for all Rd \link{} targets not in the package itself and the base packages. Flavors: r-devel-linux-x86_64-debian-clang, r-devel-linux-x86_64-debian-gcc, r-devel-windows-x86_64, r-patched-linux-x86_64, r-release-linux-x86_64, r-release-windows-x86_64

Version: 0.2.3
Check: examples
Result: NOTE Examples with CPU (user + system) or elapsed time > 5s user system elapsed crsra_import 1.654 0.272 7.283 crsra_import_course 1.302 0.285 6.192 Flavor: r-devel-linux-x86_64-debian-clang

Version: 0.2.3
Check: examples
Result: NOTE Examples with CPU (user + system) or elapsed time > 5s user system elapsed crsra_import 1.343 0.699 5.564 Flavor: r-devel-linux-x86_64-debian-gcc