CRAN Package Check Results for Package crsuggest

Last updated on 2025-04-30 04:50:03 CEST.

Flavor Version Tinstall Tcheck Ttotal Status Flags
r-devel-linux-x86_64-debian-clang 0.4 38.86 281.71 320.57 OK
r-devel-linux-x86_64-debian-gcc 0.4 26.85 185.08 211.93 OK
r-devel-linux-x86_64-fedora-clang 0.4 565.12 OK
r-devel-linux-x86_64-fedora-gcc 0.4 483.84 OK
r-devel-windows-x86_64 0.4 40.00 221.00 261.00 OK
r-patched-linux-x86_64 0.4 39.56 266.01 305.57 OK
r-release-linux-x86_64 0.4 38.14 263.63 301.77 OK
r-release-macos-arm64 0.4 106.00 OK
r-release-macos-x86_64 0.4 231.00 OK
r-release-windows-x86_64 0.4 39.00 220.00 259.00 OK
r-oldrel-macos-arm64 0.4 110.00 NOTE
r-oldrel-macos-x86_64 0.4 167.00 NOTE
r-oldrel-windows-x86_64 0.4 54.00 304.00 358.00 NOTE

Check Details

Version: 0.4
Check: installed package size
Result: NOTE installed size is 6.8Mb sub-directories of 1Mb or more: data 6.7Mb Flavors: r-oldrel-macos-arm64, r-oldrel-macos-x86_64, r-oldrel-windows-x86_64