Last updated on 2025-04-30 04:50:03 CEST.
Flavor | Version | Tinstall | Tcheck | Ttotal | Status | Flags |
---|---|---|---|---|---|---|
r-devel-linux-x86_64-debian-clang | 1.0 | 2.89 | 33.56 | 36.45 | NOTE | |
r-devel-linux-x86_64-debian-gcc | 1.0 | 2.25 | 24.62 | 26.87 | OK | |
r-devel-linux-x86_64-fedora-clang | 1.0 | 61.25 | OK | |||
r-devel-linux-x86_64-fedora-gcc | 1.0 | 57.09 | OK | |||
r-devel-windows-x86_64 | 1.0 | 5.00 | 51.00 | 56.00 | OK | |
r-patched-linux-x86_64 | 1.0 | 3.10 | 32.14 | 35.24 | OK | |
r-release-linux-x86_64 | 1.0 | 3.00 | 32.17 | 35.17 | OK | |
r-release-macos-arm64 | 1.0 | 22.00 | OK | |||
r-release-macos-x86_64 | 1.0 | 35.00 | OK | |||
r-release-windows-x86_64 | 1.0 | 5.00 | 55.00 | 60.00 | OK | |
r-oldrel-macos-arm64 | 1.0 | 21.00 | OK | |||
r-oldrel-macos-x86_64 | 1.0 | 29.00 | OK | |||
r-oldrel-windows-x86_64 | 1.0 | 5.00 | 59.00 | 64.00 | OK |
Version: 1.0
Check: examples
Result: NOTE
Examples with CPU (user + system) or elapsed time > 5s
user system elapsed
fatpet 5.799 0.005 6.323
Flavor: r-devel-linux-x86_64-debian-clang