Last updated on 2025-04-30 04:50:03 CEST.
Flavor | Version | Tinstall | Tcheck | Ttotal | Status | Flags |
---|---|---|---|---|---|---|
r-devel-linux-x86_64-debian-clang | 0.2-2 | 19.70 | 56.46 | 76.16 | NOTE | |
r-devel-linux-x86_64-debian-gcc | 0.2-2 | 14.20 | 41.13 | 55.33 | NOTE | |
r-devel-linux-x86_64-fedora-clang | 0.2-2 | 148.81 | OK | |||
r-devel-linux-x86_64-fedora-gcc | 0.2-2 | 146.74 | OK | |||
r-devel-windows-x86_64 | 0.2-2 | 33.00 | 195.00 | 228.00 | OK | |
r-patched-linux-x86_64 | 0.2-2 | 19.99 | 56.57 | 76.56 | OK | |
r-release-linux-x86_64 | 0.2-2 | 19.35 | 56.59 | 75.94 | OK | |
r-release-macos-arm64 | 0.2-2 | 38.00 | OK | |||
r-release-macos-x86_64 | 0.2-2 | 67.00 | OK | |||
r-release-windows-x86_64 | 0.2-2 | 33.00 | 203.00 | 236.00 | OK | |
r-oldrel-macos-arm64 | 0.2-2 | 39.00 | OK | |||
r-oldrel-macos-x86_64 | 0.2-2 | 56.00 | OK | |||
r-oldrel-windows-x86_64 | 0.2-2 | 31.00 | 212.00 | 243.00 | OK |
Version: 0.2-2
Check: CRAN incoming feasibility
Result: NOTE
Maintainer: ‘Jonas M. B. Haslbeck <jonas.haslbeck@gmail.com>’
No Authors@R field in DESCRIPTION.
Please add one, modifying
Authors@R: c(person(given = c("Jonas", "M.", "B."),
family = "Haslbeck",
role = c("aut", "cre"),
email = "jonas.haslbeck@gmail.com"),
person(given = c("Dirk", "U."),
family = "Wulff",
role = "aut"))
as necessary.
Flavors: r-devel-linux-x86_64-debian-clang, r-devel-linux-x86_64-debian-gcc