Last updated on 2025-04-30 04:50:03 CEST.
Flavor | Version | Tinstall | Tcheck | Ttotal | Status | Flags |
---|---|---|---|---|---|---|
r-devel-linux-x86_64-debian-clang | 1.10 | 15.87 | 118.52 | 134.39 | NOTE | |
r-devel-linux-x86_64-debian-gcc | 1.10 | 10.08 | 82.85 | 92.93 | NOTE | |
r-devel-linux-x86_64-fedora-clang | 1.10 | 225.46 | OK | |||
r-devel-linux-x86_64-fedora-gcc | 1.10 | 215.60 | OK | |||
r-devel-windows-x86_64 | 1.10 | 16.00 | 107.00 | 123.00 | OK | |
r-patched-linux-x86_64 | 1.10 | 15.93 | 111.81 | 127.74 | OK | |
r-release-linux-x86_64 | 1.10 | 17.07 | 109.95 | 127.02 | OK | |
r-release-macos-arm64 | 1.10 | 53.00 | OK | |||
r-release-macos-x86_64 | 1.10 | 101.00 | OK | |||
r-release-windows-x86_64 | 1.10 | 17.00 | 118.00 | 135.00 | OK | |
r-oldrel-macos-arm64 | 1.10 | 50.00 | OK | |||
r-oldrel-macos-x86_64 | 1.10 | 121.00 | OK | |||
r-oldrel-windows-x86_64 | 1.10 | 21.00 | 144.00 | 165.00 | OK |
Version: 1.10
Check: examples
Result: NOTE
Examples with CPU (user + system) or elapsed time > 5s
user system elapsed
csvy 6.931 0.225 8.568
Flavor: r-devel-linux-x86_64-debian-clang
Version: 1.10
Check: examples
Result: NOTE
Examples with CPU (user + system) or elapsed time > 5s
user system elapsed
csvy 4.111 0.121 5.424
Flavor: r-devel-linux-x86_64-debian-gcc