Last updated on 2025-04-30 04:50:03 CEST.
Flavor | Version | Tinstall | Tcheck | Ttotal | Status | Flags |
---|---|---|---|---|---|---|
r-devel-linux-x86_64-debian-clang | 0.6.2 | 1.80 | 21.31 | 23.11 | NOTE | |
r-devel-linux-x86_64-debian-gcc | 0.6.2 | 1.56 | 17.23 | 18.79 | NOTE | |
r-devel-linux-x86_64-fedora-clang | 0.6.2 | 35.57 | OK | |||
r-devel-linux-x86_64-fedora-gcc | 0.6.2 | 34.35 | OK | |||
r-devel-windows-x86_64 | 0.6.2 | 4.00 | 44.00 | 48.00 | OK | |
r-patched-linux-x86_64 | 0.6.2 | 2.01 | 20.31 | 22.32 | OK | |
r-release-linux-x86_64 | 0.6.2 | 1.77 | 20.36 | 22.13 | OK | |
r-release-macos-arm64 | 0.6.2 | 17.00 | OK | |||
r-release-macos-x86_64 | 0.6.2 | 25.00 | OK | |||
r-release-windows-x86_64 | 0.6.2 | 3.00 | 43.00 | 46.00 | OK | |
r-oldrel-macos-arm64 | 0.6.2 | 17.00 | OK | |||
r-oldrel-macos-x86_64 | 0.6.2 | 23.00 | OK | |||
r-oldrel-windows-x86_64 | 0.6.2 | 3.00 | 45.00 | 48.00 | OK |
Version: 0.6.2
Check: CRAN incoming feasibility
Result: NOTE
Maintainer: ‘Tim Bergsma <bergsmat@gmail.com>’
No Authors@R field in DESCRIPTION.
Please add one, modifying
Authors@R: person(given = "Tim",
family = "Bergsma",
role = c("aut", "cre"),
email = "bergsmat@gmail.com")
as necessary.
Flavors: r-devel-linux-x86_64-debian-clang, r-devel-linux-x86_64-debian-gcc