Last updated on 2025-04-30 04:50:03 CEST.
Flavor | Version | Tinstall | Tcheck | Ttotal | Status | Flags |
---|---|---|---|---|---|---|
r-devel-linux-x86_64-debian-clang | 0.3.0 | 2.18 | 25.61 | 27.79 | NOTE | |
r-devel-linux-x86_64-debian-gcc | 0.3.0 | 1.82 | 20.28 | 22.10 | NOTE | |
r-devel-linux-x86_64-fedora-clang | 0.3.0 | 41.97 | OK | |||
r-devel-linux-x86_64-fedora-gcc | 0.3.0 | 39.61 | OK | |||
r-devel-windows-x86_64 | 0.3.0 | 4.00 | 47.00 | 51.00 | OK | |
r-patched-linux-x86_64 | 0.3.0 | 2.41 | 23.15 | 25.56 | OK | |
r-release-linux-x86_64 | 0.3.0 | 2.05 | 23.33 | 25.38 | OK | |
r-release-macos-arm64 | 0.3.0 | 18.00 | OK | |||
r-release-macos-x86_64 | 0.3.0 | 27.00 | OK | |||
r-release-windows-x86_64 | 0.3.0 | 3.00 | 47.00 | 50.00 | OK | |
r-oldrel-macos-arm64 | 0.3.0 | 18.00 | OK | |||
r-oldrel-macos-x86_64 | 0.3.0 | 26.00 | OK | |||
r-oldrel-windows-x86_64 | 0.3.0 | 4.00 | 48.00 | 52.00 | OK |
Version: 0.3.0
Check: CRAN incoming feasibility
Result: NOTE
Maintainer: ‘Thomas J. Leeper <thosjleeper@gmail.com>’
Package CITATION file contains call(s) to old-style personList() or
as.personList(). Please use c() on person objects instead.
Package CITATION file contains call(s) to old-style citEntry(). Please
use bibentry() instead.
Flavors: r-devel-linux-x86_64-debian-clang, r-devel-linux-x86_64-debian-gcc