CRAN Package Check Results for Package ctgdist

Last updated on 2025-04-30 04:50:03 CEST.

Flavor Version Tinstall Tcheck Ttotal Status Flags
r-devel-linux-x86_64-debian-clang 0.1.0 10.88 82.74 93.62 OK
r-devel-linux-x86_64-debian-gcc 0.1.0 7.47 59.18 66.65 OK
r-devel-linux-x86_64-fedora-clang 0.1.0 148.27 OK
r-devel-linux-x86_64-fedora-gcc 0.1.0 136.77 OK
r-devel-windows-x86_64 0.1.0 11.00 91.00 102.00 OK
r-patched-linux-x86_64 0.1.0 9.39 77.87 87.26 OK
r-release-linux-x86_64 0.1.0 10.40 77.71 88.11 OK
r-release-macos-arm64 0.1.0 37.00 OK
r-release-macos-x86_64 0.1.0 71.00 OK
r-release-windows-x86_64 0.1.0 13.00 91.00 104.00 OK
r-oldrel-macos-arm64 0.1.0 35.00 NOTE
r-oldrel-macos-x86_64 0.1.0 52.00 NOTE
r-oldrel-windows-x86_64 0.1.0 15.00 112.00 127.00 NOTE

Check Details

Version: 0.1.0
Check: LazyData
Result: NOTE 'LazyData' is specified without a 'data' directory Flavors: r-oldrel-macos-arm64, r-oldrel-macos-x86_64, r-oldrel-windows-x86_64