Last updated on 2025-04-30 04:50:03 CEST.
Flavor | Version | Tinstall | Tcheck | Ttotal | Status | Flags |
---|---|---|---|---|---|---|
r-devel-linux-x86_64-debian-clang | 1.0.6 | 35.06 | 646.21 | 681.27 | NOTE | |
r-devel-linux-x86_64-debian-gcc | 1.0.6 | 24.59 | 392.31 | 416.90 | NOTE | |
r-devel-linux-x86_64-fedora-clang | 1.0.6 | 973.00 | OK | |||
r-devel-linux-x86_64-fedora-gcc | 1.0.6 | 961.86 | OK | |||
r-devel-windows-x86_64 | 1.0.6 | 28.00 | 220.00 | 248.00 | NOTE | --no-vignettes |
r-patched-linux-x86_64 | 1.0.6 | 33.51 | 590.20 | 623.71 | NOTE | |
r-release-linux-x86_64 | 1.0.6 | 35.65 | 593.54 | 629.19 | NOTE | |
r-release-macos-arm64 | 1.0.6 | 228.00 | OK | |||
r-release-macos-x86_64 | 1.0.6 | 9.00 | ERROR | |||
r-release-windows-x86_64 | 1.0.6 | 29.00 | 217.00 | 246.00 | NOTE | --no-vignettes |
r-oldrel-macos-arm64 | 1.0.6 | 198.00 | OK | |||
r-oldrel-macos-x86_64 | 1.0.6 | 11.00 | ERROR | |||
r-oldrel-windows-x86_64 | 1.0.6 | 36.00 | 275.00 | 311.00 | OK | --no-vignettes |
Version: 1.0.6
Check: Rd cross-references
Result: NOTE
Found the following Rd file(s) with Rd \link{} targets missing package
anchors:
ctFit.Rd: ctModel
ctModelFromFit.Rd: ctModel
ctMultigroupFit.Rd: ctLongToWide, ctModel
ctPostPredict.Rd: ctPlotArray
ctRefineTo.Rd: ctModel
ctsemOMX.Rd: ctModel
summary.ctsemFit.Rd: ctModel
Please provide package anchors for all Rd \link{} targets not in the
package itself and the base packages.
Flavors: r-devel-linux-x86_64-debian-clang, r-devel-linux-x86_64-debian-gcc, r-patched-linux-x86_64, r-release-linux-x86_64
Version: 1.0.6
Check: examples
Result: NOTE
Examples with CPU (user + system) or elapsed time > 5s
user system elapsed
ctGenerateFromFit 8.311 0.288 9.246
ctModelFromFit 8.115 0.207 8.775
Flavor: r-devel-linux-x86_64-debian-clang
Version: 1.0.6
Flags: --no-vignettes
Check: Rd cross-references
Result: NOTE
Found the following Rd file(s) with Rd \link{} targets missing package
anchors:
ctFit.Rd: ctModel
ctModelFromFit.Rd: ctModel
ctMultigroupFit.Rd: ctLongToWide, ctModel
ctPostPredict.Rd: ctPlotArray
ctRefineTo.Rd: ctModel
ctsemOMX.Rd: ctModel
summary.ctsemFit.Rd: ctModel
Please provide package anchors for all Rd \link{} targets not in the
package itself and the base packages.
Flavors: r-devel-windows-x86_64, r-release-windows-x86_64
Version: 1.0.6
Check: package dependencies
Result: ERROR
Package required but not available: ‘ctsem’
See section ‘The DESCRIPTION file’ in the ‘Writing R Extensions’
manual.
Flavors: r-release-macos-x86_64, r-oldrel-macos-x86_64