Last updated on 2025-04-30 04:50:03 CEST.
Flavor | Version | Tinstall | Tcheck | Ttotal | Status | Flags |
---|---|---|---|---|---|---|
r-devel-linux-x86_64-debian-clang | 1.2.2 | 4.86 | 46.56 | 51.42 | NOTE | |
r-devel-linux-x86_64-debian-gcc | 1.2.2 | 3.53 | 32.63 | 36.16 | OK | |
r-devel-linux-x86_64-fedora-clang | 1.2.2 | 81.59 | NOTE | |||
r-devel-linux-x86_64-fedora-gcc | 1.2.2 | 78.46 | NOTE | |||
r-devel-windows-x86_64 | 1.2.2 | 7.00 | 70.00 | 77.00 | OK | |
r-patched-linux-x86_64 | 1.2.2 | 5.80 | 44.56 | 50.36 | OK | |
r-release-linux-x86_64 | 1.2.2 | 4.96 | 44.00 | 48.96 | OK | |
r-release-macos-arm64 | 1.2.2 | 29.00 | OK | |||
r-release-macos-x86_64 | 1.2.2 | 42.00 | OK | |||
r-release-windows-x86_64 | 1.2.2 | 7.00 | 73.00 | 80.00 | OK | |
r-oldrel-macos-arm64 | 1.2.2 | 28.00 | OK | |||
r-oldrel-macos-x86_64 | 1.2.2 | 37.00 | OK | |||
r-oldrel-windows-x86_64 | 1.2.2 | 9.00 | 78.00 | 87.00 | OK |
Version: 1.2.2
Check: examples
Result: NOTE
Examples with CPU (user + system) or elapsed time > 5s
user system elapsed
calculate_subfeatures 4.073 0.055 5.341
Flavor: r-devel-linux-x86_64-debian-clang
Version: 1.2.2
Check: dependencies in R code
Result: NOTE
Namespace in Imports field not imported from: ‘Rdpack’
All declared Imports should be used.
Flavors: r-devel-linux-x86_64-fedora-clang, r-devel-linux-x86_64-fedora-gcc