Last updated on 2025-04-30 04:50:03 CEST.
Flavor | Version | Tinstall | Tcheck | Ttotal | Status | Flags |
---|---|---|---|---|---|---|
r-devel-linux-x86_64-debian-clang | 1.0.0 | 63.59 | 161.61 | 225.20 | NOTE | |
r-devel-linux-x86_64-debian-gcc | 1.0.0 | 55.10 | 122.34 | 177.44 | OK | |
r-devel-linux-x86_64-fedora-clang | 1.0.0 | 358.20 | OK | |||
r-devel-linux-x86_64-fedora-gcc | 1.0.0 | 397.50 | OK | |||
r-devel-windows-x86_64 | 1.0.0 | 74.00 | 183.00 | 257.00 | OK | |
r-patched-linux-x86_64 | 1.0.0 | 72.34 | 160.84 | 233.18 | OK | |
r-release-linux-x86_64 | 1.0.0 | 76.15 | 159.69 | 235.84 | OK | |
r-release-macos-arm64 | 1.0.0 | 122.00 | OK | |||
r-release-macos-x86_64 | 1.0.0 | 301.00 | OK | |||
r-release-windows-x86_64 | 1.0.0 | 67.00 | 179.00 | 246.00 | OK | |
r-oldrel-macos-arm64 | 1.0.0 | 128.00 | NOTE | |||
r-oldrel-macos-x86_64 | 1.0.0 | 206.00 | NOTE | |||
r-oldrel-windows-x86_64 | 1.0.0 | 87.00 | 215.00 | 302.00 | NOTE |
Version: 1.0.0
Check: examples
Result: NOTE
Examples with CPU (user + system) or elapsed time > 5s
user system elapsed
plot.ctsmTMB.fit 3.847 0.379 5.691
Flavor: r-devel-linux-x86_64-debian-clang
Version: 1.0.0
Check: package dependencies
Result: NOTE
Package suggested but not available for checking: ‘RTMBode’
Flavors: r-oldrel-macos-arm64, r-oldrel-macos-x86_64, r-oldrel-windows-x86_64
Version: 1.0.0
Check: installed package size
Result: NOTE
installed size is 21.4Mb
sub-directories of 1Mb or more:
doc 1.7Mb
libs 19.1Mb
Flavors: r-oldrel-macos-arm64, r-oldrel-macos-x86_64