Last updated on 2025-04-30 04:50:03 CEST.
Flavor | Version | Tinstall | Tcheck | Ttotal | Status | Flags |
---|---|---|---|---|---|---|
r-devel-linux-x86_64-debian-clang | 1.1.0 | 6.47 | 163.38 | 169.85 | NOTE | |
r-devel-linux-x86_64-debian-gcc | 1.1.0 | 4.51 | 111.96 | 116.47 | OK | |
r-devel-linux-x86_64-fedora-clang | 1.1.0 | 294.43 | OK | |||
r-devel-linux-x86_64-fedora-gcc | 1.1.0 | 262.13 | OK | |||
r-devel-windows-x86_64 | 1.1.0 | 8.00 | 182.00 | 190.00 | OK | |
r-patched-linux-x86_64 | 1.1.0 | 6.86 | 152.81 | 159.67 | OK | |
r-release-linux-x86_64 | 1.1.0 | 6.80 | 153.30 | 160.10 | OK | |
r-release-macos-arm64 | 1.1.0 | 92.00 | OK | |||
r-release-macos-x86_64 | 1.1.0 | 162.00 | OK | |||
r-release-windows-x86_64 | 1.1.0 | 9.00 | 174.00 | 183.00 | OK | |
r-oldrel-macos-arm64 | 1.1.0 | 82.00 | OK | |||
r-oldrel-macos-x86_64 | 1.1.0 | 176.00 | OK | |||
r-oldrel-windows-x86_64 | 1.1.0 | 10.00 | 227.00 | 237.00 | OK |
Version: 1.1.0
Check: examples
Result: NOTE
Examples with CPU (user + system) or elapsed time > 5s
user system elapsed
check_cds 5.096 0.242 7.084
Flavor: r-devel-linux-x86_64-debian-clang