Last updated on 2025-04-30 04:50:03 CEST.
Flavor | Version | Tinstall | Tcheck | Ttotal | Status | Flags |
---|---|---|---|---|---|---|
r-devel-linux-x86_64-debian-clang | 1.0.2 | 4.17 | 43.30 | 47.47 | NOTE | |
r-devel-linux-x86_64-debian-gcc | 1.0.2 | 2.80 | 31.57 | 34.37 | NOTE | |
r-devel-linux-x86_64-fedora-clang | 1.0.2 | 74.52 | NOTE | |||
r-devel-linux-x86_64-fedora-gcc | 1.0.2 | 87.41 | NOTE | |||
r-devel-windows-x86_64 | 1.0.2 | 6.00 | 66.00 | 72.00 | OK | |
r-patched-linux-x86_64 | 1.0.2 | 3.66 | 41.25 | 44.91 | OK | |
r-release-linux-x86_64 | 1.0.2 | 3.64 | 41.04 | 44.68 | OK | |
r-release-macos-arm64 | 1.0.2 | 31.00 | OK | |||
r-release-macos-x86_64 | 1.0.2 | 60.00 | OK | |||
r-release-windows-x86_64 | 1.0.2 | 7.00 | 61.00 | 68.00 | OK | |
r-oldrel-macos-arm64 | 1.0.2 | 27.00 | OK | |||
r-oldrel-macos-x86_64 | 1.0.2 | 45.00 | OK | |||
r-oldrel-windows-x86_64 | 1.0.2 | 6.00 | 71.00 | 77.00 | OK |
Version: 1.0.2
Check: CRAN incoming feasibility
Result: NOTE
Maintainer: ‘Kevin Stadler <a00425926@unet.univie.ac.at>’
Found the following URLs which should use \doi (with the DOI name only):
File ‘mantel.test.Rd’:
https://doi.org/10.1093/sysbio/32.1.21
https://doi.org/10.1086/341527
Flavors: r-devel-linux-x86_64-debian-clang, r-devel-linux-x86_64-debian-gcc
Version: 1.0.2
Check: dependencies in R code
Result: NOTE
Namespace in Imports field not imported from: ‘pspearman’
All declared Imports should be used.
Flavors: r-devel-linux-x86_64-fedora-clang, r-devel-linux-x86_64-fedora-gcc