Last updated on 2025-02-21 03:52:10 CET.
Flavor | Version | Tinstall | Tcheck | Ttotal | Status | Flags |
---|---|---|---|---|---|---|
r-devel-linux-x86_64-debian-clang | 1.0.2 | 3.90 | 42.30 | 46.20 | OK | |
r-devel-linux-x86_64-debian-gcc | 1.0.2 | 2.80 | 30.10 | 32.90 | OK | |
r-devel-linux-x86_64-fedora-clang | 1.0.2 | 77.93 | NOTE | |||
r-devel-linux-x86_64-fedora-gcc | 1.0.2 | 83.59 | NOTE | |||
r-devel-macos-arm64 | 1.0.2 | 32.00 | OK | |||
r-devel-macos-x86_64 | 1.0.2 | 60.00 | OK | |||
r-devel-windows-x86_64 | 1.0.2 | 6.00 | 61.00 | 67.00 | OK | |
r-patched-linux-x86_64 | 1.0.2 | 4.17 | 39.56 | 43.73 | OK | |
r-release-linux-x86_64 | 1.0.2 | 3.38 | 38.94 | 42.32 | OK | |
r-release-macos-arm64 | 1.0.2 | 27.00 | OK | |||
r-release-macos-x86_64 | 1.0.2 | 45.00 | OK | |||
r-release-windows-x86_64 | 1.0.2 | 7.00 | 62.00 | 69.00 | OK | |
r-oldrel-macos-arm64 | 1.0.2 | 35.00 | OK | |||
r-oldrel-macos-x86_64 | 1.0.2 | 47.00 | OK | |||
r-oldrel-windows-x86_64 | 1.0.2 | 6.00 | 70.00 | 76.00 | OK |
Version: 1.0.2
Check: dependencies in R code
Result: NOTE
Namespace in Imports field not imported from: ‘pspearman’
All declared Imports should be used.
Flavors: r-devel-linux-x86_64-fedora-clang, r-devel-linux-x86_64-fedora-gcc