CRAN Package Check Results for Package cumSeg

Last updated on 2025-02-21 03:52:10 CET.

Flavor Version Tinstall Tcheck Ttotal Status Flags
r-devel-linux-x86_64-debian-clang 1.3 2.14 19.90 22.04 NOTE
r-devel-linux-x86_64-debian-gcc 1.3 1.73 15.96 17.69 NOTE
r-devel-linux-x86_64-fedora-clang 1.3 35.79 OK
r-devel-linux-x86_64-fedora-gcc 1.3 33.68 OK
r-devel-macos-arm64 1.3 15.00 OK
r-devel-macos-x86_64 1.3 24.00 OK
r-devel-windows-x86_64 1.3 3.00 42.00 45.00 NOTE
r-patched-linux-x86_64 1.3 2.52 19.30 21.82 OK
r-release-linux-x86_64 1.3 1.61 19.14 20.75 OK
r-release-macos-arm64 1.3 16.00 OK
r-release-macos-x86_64 1.3 23.00 OK
r-release-windows-x86_64 1.3 3.00 41.00 44.00 OK
r-oldrel-macos-arm64 1.3 16.00 OK
r-oldrel-macos-x86_64 1.3 23.00 OK
r-oldrel-windows-x86_64 1.3 4.00 41.00 45.00 OK

Check Details

Version: 1.3
Check: Rd cross-references
Result: NOTE Found the following Rd file(s) with Rd \link{} targets missing package anchors: jumpoints.Rd: lars Please provide package anchors for all Rd \link{} targets not in the package itself and the base packages. Flavors: r-devel-linux-x86_64-debian-clang, r-devel-linux-x86_64-debian-gcc, r-devel-windows-x86_64