Last updated on 2025-04-30 04:50:03 CEST.
Flavor | Version | Tinstall | Tcheck | Ttotal | Status | Flags |
---|---|---|---|---|---|---|
r-devel-linux-x86_64-debian-clang | 2.0.3 | 10.41 | 582.51 | 592.92 | NOTE | |
r-devel-linux-x86_64-debian-gcc | 2.0.3 | 6.93 | 427.18 | 434.11 | NOTE | |
r-devel-linux-x86_64-fedora-clang | 2.0.3 | 1398.40 | OK | |||
r-devel-linux-x86_64-fedora-gcc | 2.0.3 | 1398.97 | OK | |||
r-devel-windows-x86_64 | 2.0.3 | 11.00 | 591.00 | 602.00 | OK | |
r-patched-linux-x86_64 | 2.0.3 | 10.92 | 558.24 | 569.16 | OK | |
r-release-linux-x86_64 | 2.0.3 | 9.95 | 558.41 | 568.36 | OK | |
r-release-macos-arm64 | 2.0.3 | 318.00 | OK | |||
r-release-macos-x86_64 | 2.0.3 | 533.00 | OK | |||
r-release-windows-x86_64 | 2.0.3 | 13.00 | 573.00 | 586.00 | OK | |
r-oldrel-macos-arm64 | 2.0.3 | 194.00 | OK | |||
r-oldrel-macos-x86_64 | 2.0.3 | 604.00 | OK | |||
r-oldrel-windows-x86_64 | 2.0.3 | 16.00 | 772.00 | 788.00 | OK |
Version: 2.0.3
Check: examples
Result: NOTE
Examples with CPU (user + system) or elapsed time > 5s
user system elapsed
Pigs 11.948 0.019 13.970
cv.merMod 8.996 0.008 10.513
cv.function 5.915 0.004 7.508
Flavor: r-devel-linux-x86_64-debian-clang
Version: 2.0.3
Check: examples
Result: NOTE
Examples with CPU (user + system) or elapsed time > 5s
user system elapsed
Pigs 6.634 0.023 9.212
cv.merMod 6.317 0.018 8.217
cv.function 3.475 0.007 5.236
Flavor: r-devel-linux-x86_64-debian-gcc