Last updated on 2025-04-30 04:50:03 CEST.
Flavor | Version | Tinstall | Tcheck | Ttotal | Status | Flags |
---|---|---|---|---|---|---|
r-devel-linux-x86_64-debian-clang | 0.3-0 | 1.57 | 58.72 | 60.29 | NOTE | |
r-devel-linux-x86_64-debian-gcc | 0.3-0 | 1.40 | 43.81 | 45.21 | OK | |
r-devel-linux-x86_64-fedora-clang | 0.3-0 | 101.69 | OK | |||
r-devel-linux-x86_64-fedora-gcc | 0.3-0 | 112.79 | OK | |||
r-devel-windows-x86_64 | 0.3-0 | 2.00 | 103.00 | 105.00 | OK | |
r-patched-linux-x86_64 | 0.3-0 | 1.81 | 55.86 | 57.67 | OK | |
r-release-linux-x86_64 | 0.3-0 | 1.37 | 55.83 | 57.20 | OK | |
r-release-macos-arm64 | 0.3-0 | 39.00 | OK | |||
r-release-macos-x86_64 | 0.3-0 | 89.00 | OK | |||
r-release-windows-x86_64 | 0.3-0 | 2.00 | 108.00 | 110.00 | OK | |
r-oldrel-macos-arm64 | 0.3-0 | 41.00 | OK | |||
r-oldrel-macos-x86_64 | 0.3-0 | 72.00 | OK | |||
r-oldrel-windows-x86_64 | 0.3-0 | 4.00 | 121.00 | 125.00 | OK |
Version: 0.3-0
Check: examples
Result: NOTE
Examples with CPU (user + system) or elapsed time > 5s
user system elapsed
cv_gee 5.133 0.085 6.574
Flavor: r-devel-linux-x86_64-debian-clang