Last updated on 2025-04-30 04:50:03 CEST.
Flavor | Version | Tinstall | Tcheck | Ttotal | Status | Flags |
---|---|---|---|---|---|---|
r-devel-linux-x86_64-debian-clang | 1.0.4 | 98.33 | 32.37 | 130.70 | NOTE | |
r-devel-linux-x86_64-debian-gcc | 1.0.4 | 79.31 | 30.05 | 109.36 | NOTE | |
r-devel-linux-x86_64-fedora-clang | 1.0.4 | 219.55 | OK | |||
r-devel-linux-x86_64-fedora-gcc | 1.0.4 | 248.22 | OK | |||
r-devel-windows-x86_64 | 1.0.4 | 112.00 | 84.00 | 196.00 | OK | |
r-patched-linux-x86_64 | 1.0.4 | 103.69 | 39.22 | 142.91 | OK | |
r-release-linux-x86_64 | 1.0.4 | 102.11 | 38.96 | 141.07 | OK | |
r-release-macos-arm64 | 1.0.4 | 54.00 | OK | |||
r-release-macos-x86_64 | 1.0.4 | 100.00 | OK | |||
r-release-windows-x86_64 | 1.0.4 | 113.00 | 84.00 | 197.00 | OK | |
r-oldrel-macos-arm64 | 1.0.4 | 45.00 | NOTE | |||
r-oldrel-macos-x86_64 | 1.0.4 | 58.00 | NOTE | |||
r-oldrel-windows-x86_64 | 1.0.4 | 125.00 | 90.00 | 215.00 | NOTE |
Version: 1.0.4
Check: examples
Result: NOTE
Examples with CPU (user + system) or elapsed time > 5s
user system elapsed
grid.search 6.676 0.01 8.176
Flavor: r-devel-linux-x86_64-debian-clang
Version: 1.0.4
Check: examples
Result: NOTE
Examples with CPU (user + system) or elapsed time > 5s
user system elapsed
grid.search 3.664 0.043 5.295
Flavor: r-devel-linux-x86_64-debian-gcc
Version: 1.0.4
Check: installed package size
Result: NOTE
installed size is 37.4Mb
sub-directories of 1Mb or more:
libs 37.3Mb
Flavors: r-oldrel-macos-arm64, r-oldrel-macos-x86_64
Version: 1.0.4
Check: for GNU extensions in Makefiles
Result: NOTE
GNU make is a SystemRequirements.
Flavors: r-oldrel-macos-arm64, r-oldrel-macos-x86_64, r-oldrel-windows-x86_64