Last updated on 2025-04-30 04:50:03 CEST.
Flavor | Version | Tinstall | Tcheck | Ttotal | Status | Flags |
---|---|---|---|---|---|---|
r-devel-linux-x86_64-debian-clang | 1.4.0 | 12.10 | 333.26 | 345.36 | NOTE | |
r-devel-linux-x86_64-debian-gcc | 1.4.0 | 8.89 | 204.90 | 213.79 | OK | |
r-devel-linux-x86_64-fedora-clang | 1.4.0 | 466.62 | OK | |||
r-devel-linux-x86_64-fedora-gcc | 1.4.0 | 461.19 | OK | |||
r-devel-windows-x86_64 | 1.4.0 | 20.00 | 263.00 | 283.00 | OK | |
r-patched-linux-x86_64 | 1.4.0 | 16.86 | 314.00 | 330.86 | OK | |
r-release-linux-x86_64 | 1.4.0 | 9.72 | 313.93 | 323.65 | OK | |
r-release-macos-arm64 | 1.4.0 | 126.00 | OK | |||
r-release-macos-x86_64 | 1.4.0 | 202.00 | OK | |||
r-release-windows-x86_64 | 1.4.0 | 19.00 | 247.00 | 266.00 | OK | |
r-oldrel-macos-arm64 | 1.4.0 | 139.00 | OK | |||
r-oldrel-macos-x86_64 | 1.4.0 | 184.00 | OK | |||
r-oldrel-windows-x86_64 | 1.4.0 | 25.00 | 364.00 | 389.00 | OK |
Version: 1.4.0
Check: examples
Result: NOTE
Examples with CPU (user + system) or elapsed time > 5s
user system elapsed
plot_epx 6.441 0.063 7.925
epx_mtw 4.359 0.025 5.474
Flavor: r-devel-linux-x86_64-debian-clang