Last updated on 2025-04-30 04:50:03 CEST.
Flavor | Version | Tinstall | Tcheck | Ttotal | Status | Flags |
---|---|---|---|---|---|---|
r-devel-linux-x86_64-debian-clang | 1.0.3 | 2.27 | 25.08 | 27.35 | NOTE | |
r-devel-linux-x86_64-debian-gcc | 1.0.3 | 1.99 | 19.08 | 21.07 | NOTE | |
r-devel-linux-x86_64-fedora-clang | 1.0.3 | 42.04 | OK | |||
r-devel-linux-x86_64-fedora-gcc | 1.0.3 | 40.17 | OK | |||
r-devel-windows-x86_64 | 1.0.3 | 3.00 | 53.00 | 56.00 | OK | |
r-patched-linux-x86_64 | 1.0.3 | 2.64 | 23.45 | 26.09 | OK | |
r-release-linux-x86_64 | 1.0.3 | 2.41 | 23.12 | 25.53 | OK | |
r-release-macos-arm64 | 1.0.3 | 17.00 | OK | |||
r-release-macos-x86_64 | 1.0.3 | 28.00 | OK | |||
r-release-windows-x86_64 | 1.0.3 | 3.00 | 50.00 | 53.00 | OK | |
r-oldrel-macos-arm64 | 1.0.3 | 17.00 | OK | |||
r-oldrel-macos-x86_64 | 1.0.3 | 27.00 | OK | |||
r-oldrel-windows-x86_64 | 1.0.3 | 4.00 | 52.00 | 56.00 | OK |
Version: 1.0.3
Check: CRAN incoming feasibility
Result: NOTE
Maintainer: ‘Romain Azais <romain.azais@inria.fr>’
No Authors@R field in DESCRIPTION.
Please add one, modifying
Authors@R: c(person(given = "Romain",
family = "Azais",
role = c("aut", "cre"),
email = "romain.azais@inria.fr"),
person(given = "Sandie",
family = "Ferrigno",
role = "aut"),
person(given = "Marie-Jose",
family = "Martinez",
role = "aut"))
as necessary.
Flavors: r-devel-linux-x86_64-debian-clang, r-devel-linux-x86_64-debian-gcc