Last updated on 2025-04-30 04:50:03 CEST.
Flavor | Version | Tinstall | Tcheck | Ttotal | Status | Flags |
---|---|---|---|---|---|---|
r-devel-linux-x86_64-debian-clang | 1.0.2 | 12.49 | 179.59 | 192.08 | NOTE | |
r-devel-linux-x86_64-debian-gcc | 1.0.2 | 8.90 | 117.86 | 126.76 | NOTE | |
r-devel-linux-x86_64-fedora-clang | 1.0.2 | 287.01 | NOTE | |||
r-devel-linux-x86_64-fedora-gcc | 1.0.2 | 285.27 | NOTE | |||
r-devel-windows-x86_64 | 1.0.2 | 14.00 | 185.00 | 199.00 | NOTE | |
r-patched-linux-x86_64 | 1.0.2 | 10.60 | 169.23 | 179.83 | NOTE | |
r-release-linux-x86_64 | 1.0.2 | 11.68 | 167.98 | 179.66 | NOTE | |
r-release-macos-arm64 | 1.0.2 | 79.00 | NOTE | |||
r-release-macos-x86_64 | 1.0.2 | 172.00 | NOTE | |||
r-release-windows-x86_64 | 1.0.2 | 13.00 | 186.00 | 199.00 | NOTE | |
r-oldrel-macos-arm64 | 1.0.2 | 83.00 | NOTE | |||
r-oldrel-macos-x86_64 | 1.0.2 | 134.00 | NOTE | |||
r-oldrel-windows-x86_64 | 1.0.2 | 15.00 | 229.00 | 244.00 | NOTE |
Version: 1.0.2
Check: package subdirectories
Result: NOTE
Problems with news in ‘NEWS.md’:
No news entries found.
Flavors: r-devel-linux-x86_64-debian-clang, r-devel-linux-x86_64-debian-gcc, r-devel-linux-x86_64-fedora-clang, r-devel-linux-x86_64-fedora-gcc, r-devel-windows-x86_64, r-patched-linux-x86_64, r-release-linux-x86_64, r-release-macos-arm64, r-release-macos-x86_64, r-release-windows-x86_64, r-oldrel-macos-arm64, r-oldrel-macos-x86_64, r-oldrel-windows-x86_64
Version: 1.0.2
Check: Rd cross-references
Result: NOTE
Found the following Rd file(s) with Rd \link{} targets missing package
anchors:
simulate_cycloSurv.Rd: Surv
Please provide package anchors for all Rd \link{} targets not in the
package itself and the base packages.
Flavors: r-devel-linux-x86_64-debian-clang, r-devel-linux-x86_64-debian-gcc, r-devel-windows-x86_64, r-patched-linux-x86_64, r-release-linux-x86_64, r-release-windows-x86_64
Version: 1.0.2
Check: examples
Result: NOTE
Examples with CPU (user + system) or elapsed time > 5s
user system elapsed
plot.cmfit 4.238 0.079 5.563
fit_cyclomort 4.018 0.079 5.864
summary.cmfit 3.723 0.010 5.111
Flavor: r-devel-linux-x86_64-debian-clang