CRAN Package Check Results for Package cyjShiny

Last updated on 2025-04-30 04:50:03 CEST.

Flavor Version Tinstall Tcheck Ttotal Status Flags
r-devel-linux-x86_64-debian-clang 1.0.42 5.82 48.05 53.87 OK
r-devel-linux-x86_64-debian-gcc 1.0.42 4.23 36.76 40.99 OK
r-devel-linux-x86_64-fedora-clang 1.0.42 92.79 OK
r-devel-linux-x86_64-fedora-gcc 1.0.42 92.98 OK
r-devel-windows-x86_64 1.0.42 9.00 71.00 80.00 OK
r-patched-linux-x86_64 1.0.42 6.80 45.65 52.45 OK
r-release-linux-x86_64 1.0.42 6.37 45.80 52.17 OK
r-release-macos-arm64 1.0.42 40.00 OK
r-release-macos-x86_64 1.0.42 64.00 OK
r-release-windows-x86_64 1.0.42 10.00 72.00 82.00 OK
r-oldrel-macos-arm64 1.0.42 34.00 NOTE
r-oldrel-macos-x86_64 1.0.42 51.00 NOTE
r-oldrel-windows-x86_64 1.0.42 11.00 78.00 89.00 NOTE

Check Details

Version: 1.0.42
Check: installed package size
Result: NOTE installed size is 5.8Mb sub-directories of 1Mb or more: docs 1.0Mb extdata 1.3Mb htmlwidgets 1.4Mb Flavors: r-oldrel-macos-arm64, r-oldrel-macos-x86_64, r-oldrel-windows-x86_64