CRAN Package Check Results for Package cystiSim

Last updated on 2025-04-30 04:50:03 CEST.

Flavor Version Tinstall Tcheck Ttotal Status Flags
r-devel-linux-x86_64-debian-clang 0.1.0 5.16 52.15 57.31 NOTE
r-devel-linux-x86_64-debian-gcc 0.1.0 3.83 36.92 40.75 NOTE
r-devel-linux-x86_64-fedora-clang 0.1.0 78.66 NOTE
r-devel-linux-x86_64-fedora-gcc 0.1.0 73.09 NOTE
r-devel-windows-x86_64 0.1.0 8.00 74.00 82.00 NOTE
r-patched-linux-x86_64 0.1.0 4.67 46.28 50.95 NOTE
r-release-linux-x86_64 0.1.0 5.08 46.14 51.22 NOTE
r-release-macos-arm64 0.1.0 27.00 NOTE
r-release-macos-x86_64 0.1.0 45.00 NOTE
r-release-windows-x86_64 0.1.0 8.00 68.00 76.00 NOTE
r-oldrel-macos-arm64 0.1.0 27.00 NOTE
r-oldrel-macos-x86_64 0.1.0 38.00 NOTE
r-oldrel-windows-x86_64 0.1.0 8.00 76.00 84.00 NOTE

Check Details

Version: 0.1.0
Check: Rd files
Result: NOTE checkRd: (-1) fit.Rd:37: Lost braces in \itemize; meant \describe ? checkRd: (-1) fit.Rd:38: Lost braces in \itemize; meant \describe ? checkRd: (-1) fit.Rd:39: Lost braces in \itemize; meant \describe ? Flavors: r-devel-linux-x86_64-debian-clang, r-devel-linux-x86_64-debian-gcc, r-devel-linux-x86_64-fedora-clang, r-devel-linux-x86_64-fedora-gcc, r-devel-windows-x86_64, r-patched-linux-x86_64, r-release-linux-x86_64, r-release-macos-arm64, r-release-macos-x86_64, r-release-windows-x86_64, r-oldrel-macos-arm64, r-oldrel-macos-x86_64, r-oldrel-windows-x86_64