Last updated on 2025-04-30 04:50:03 CEST.
Flavor | Version | Tinstall | Tcheck | Ttotal | Status | Flags |
---|---|---|---|---|---|---|
r-devel-linux-x86_64-debian-clang | 0.1.1 | 4.67 | 75.87 | 80.54 | NOTE | |
r-devel-linux-x86_64-debian-gcc | 0.1.1 | 3.00 | 52.44 | 55.44 | OK | |
r-devel-linux-x86_64-fedora-clang | 0.1.1 | 110.92 | OK | |||
r-devel-linux-x86_64-fedora-gcc | 0.1.1 | 120.14 | OK | |||
r-devel-windows-x86_64 | 0.1.1 | 6.00 | 83.00 | 89.00 | OK | |
r-patched-linux-x86_64 | 0.1.1 | 4.26 | 69.50 | 73.76 | OK | |
r-release-linux-x86_64 | 0.1.1 | 4.47 | 69.79 | 74.26 | OK | |
r-release-macos-arm64 | 0.1.1 | 44.00 | OK | |||
r-release-macos-x86_64 | 0.1.1 | 71.00 | OK | |||
r-release-windows-x86_64 | 0.1.1 | 7.00 | 83.00 | 90.00 | OK | |
r-oldrel-macos-arm64 | 0.1.1 | 49.00 | OK | |||
r-oldrel-macos-x86_64 | 0.1.1 | 85.00 | OK | |||
r-oldrel-windows-x86_64 | 0.1.1 | 8.00 | 100.00 | 108.00 | OK |
Version: 0.1.1
Check: examples
Result: NOTE
Examples with CPU (user + system) or elapsed time > 5s
user system elapsed
geom_fan 5.568 0.167 7.354
Flavor: r-devel-linux-x86_64-debian-clang