Last updated on 2025-04-30 04:50:03 CEST.
Flavor | Version | Tinstall | Tcheck | Ttotal | Status | Flags |
---|---|---|---|---|---|---|
r-devel-linux-x86_64-debian-clang | 2.0.2 | 26.40 | 404.04 | 430.44 | NOTE | |
r-devel-linux-x86_64-debian-gcc | 2.0.2 | 18.14 | 256.99 | 275.13 | NOTE | |
r-devel-linux-x86_64-fedora-clang | 2.0.2 | 663.07 | NOTE | |||
r-devel-linux-x86_64-fedora-gcc | 2.0.2 | 644.83 | NOTE | |||
r-devel-windows-x86_64 | 2.0.2 | 33.00 | 417.00 | 450.00 | NOTE | |
r-patched-linux-x86_64 | 2.0.2 | 25.16 | 381.63 | 406.79 | NOTE | |
r-release-linux-x86_64 | 2.0.2 | 24.13 | 378.43 | 402.56 | NOTE | |
r-release-macos-arm64 | 2.0.2 | 184.00 | NOTE | |||
r-release-macos-x86_64 | 2.0.2 | 416.00 | NOTE | |||
r-release-windows-x86_64 | 2.0.2 | 32.00 | 413.00 | 445.00 | NOTE | |
r-oldrel-macos-arm64 | 2.0.2 | 178.00 | NOTE | |||
r-oldrel-macos-x86_64 | 2.0.2 | 304.00 | NOTE | |||
r-oldrel-windows-x86_64 | 2.0.2 | 36.00 | 549.00 | 585.00 | NOTE |
Version: 2.0.2
Check: CRAN incoming feasibility
Result: NOTE
Maintainer: ‘Boris P Hejblum <boris.hejblum@u-bordeaux.fr>’
No Authors@R field in DESCRIPTION.
Please add one, modifying
Authors@R: c(person(given = "Chariff",
family = "Alkhassim",
role = "aut"),
person(given = c("Boris", "P"),
family = "Hejblum",
role = c("aut", "cre"),
email = "boris.hejblum@u-bordeaux.fr"),
person(given = "Anthony",
family = "Devaux",
role = "aut"),
person(given = c("Van", "Hung", "Huynh"),
family = "Tran",
role = "aut"))
as necessary.
Package CITATION file contains call(s) to old-style citEntry(). Please
use bibentry() instead.
Flavors: r-devel-linux-x86_64-debian-clang, r-devel-linux-x86_64-debian-gcc
Version: 2.0.2
Check: Rd files
Result: NOTE
checkRd: (-1) CytofTree.Rd:47-48: Lost braces in \itemize; \value handles \item{}{} directly
checkRd: (-1) CytofTree.Rd:49: Lost braces in \itemize; \value handles \item{}{} directly
checkRd: (-1) CytofTree.Rd:50: Lost braces in \itemize; \value handles \item{}{} directly
checkRd: (-1) CytofTree.Rd:51-52: Lost braces in \itemize; \value handles \item{}{} directly
checkRd: (-1) CytofTree.Rd:53: Lost braces in \itemize; \value handles \item{}{} directly
checkRd: (-1) CytofTree.Rd:54: Lost braces in \itemize; \value handles \item{}{} directly
checkRd: (-1) CytomeTree.Rd:33-34: Lost braces in \itemize; \value handles \item{}{} directly
checkRd: (-1) CytomeTree.Rd:35: Lost braces in \itemize; \value handles \item{}{} directly
checkRd: (-1) CytomeTree.Rd:36: Lost braces in \itemize; \value handles \item{}{} directly
checkRd: (-1) CytomeTree.Rd:37-38: Lost braces in \itemize; \value handles \item{}{} directly
checkRd: (-1) RetrievePops.Rd:20-21: Lost braces in \itemize; \value handles \item{}{} directly
checkRd: (-1) RetrievePops.Rd:22-23: Lost braces in \itemize; \value handles \item{}{} directly
Flavors: r-devel-linux-x86_64-debian-clang, r-devel-linux-x86_64-debian-gcc, r-devel-linux-x86_64-fedora-clang, r-devel-linux-x86_64-fedora-gcc, r-devel-windows-x86_64, r-patched-linux-x86_64, r-release-linux-x86_64, r-release-macos-arm64, r-release-macos-x86_64, r-release-windows-x86_64, r-oldrel-macos-arm64, r-oldrel-macos-x86_64, r-oldrel-windows-x86_64