CRAN Package Check Results for Package d3Network

Last updated on 2025-04-30 04:50:03 CEST.

Flavor Version Tinstall Tcheck Ttotal Status Flags
r-devel-linux-x86_64-debian-clang 0.5.2.1 2.27 26.35 28.62 NOTE
r-devel-linux-x86_64-debian-gcc 0.5.2.1 2.13 20.71 22.84 NOTE
r-devel-linux-x86_64-fedora-clang 0.5.2.1 43.68 OK
r-devel-linux-x86_64-fedora-gcc 0.5.2.1 42.42 OK
r-devel-windows-x86_64 0.5.2.1 4.00 51.00 55.00 OK
r-patched-linux-x86_64 0.5.2.1 2.63 25.00 27.63 OK
r-release-linux-x86_64 0.5.2.1 2.71 25.09 27.80 OK
r-release-macos-arm64 0.5.2.1 17.00 OK
r-release-macos-x86_64 0.5.2.1 33.00 OK
r-release-windows-x86_64 0.5.2.1 4.00 52.00 56.00 OK
r-oldrel-macos-arm64 0.5.2.1 18.00 OK
r-oldrel-macos-x86_64 0.5.2.1 27.00 OK
r-oldrel-windows-x86_64 0.5.2.1 5.00 49.00 54.00 OK

Check Details

Version: 0.5.2.1
Check: CRAN incoming feasibility
Result: NOTE Maintainer: ‘Christopher Gandrud <christopher.gandrud@gmail.com>’ No Authors@R field in DESCRIPTION. Please add one, modifying Authors@R: person(given = "Christopher", family = "Gandrud", role = c("aut", "cre"), email = "christopher.gandrud@gmail.com") as necessary. Flavors: r-devel-linux-x86_64-debian-clang, r-devel-linux-x86_64-debian-gcc