Last updated on 2025-02-21 03:52:10 CET.
Flavor | Version | Tinstall | Tcheck | Ttotal | Status | Flags |
---|---|---|---|---|---|---|
r-devel-linux-x86_64-debian-clang | 0.3.0 | 3.82 | 32.25 | 36.07 | NOTE | |
r-devel-linux-x86_64-debian-gcc | 0.3.0 | 2.85 | 23.69 | 26.54 | NOTE | |
r-devel-linux-x86_64-fedora-clang | 0.3.0 | 57.70 | NOTE | |||
r-devel-linux-x86_64-fedora-gcc | 0.3.0 | 52.76 | NOTE | |||
r-devel-macos-arm64 | 0.3.0 | 20.00 | OK | |||
r-devel-macos-x86_64 | 0.3.0 | 34.00 | NOTE | |||
r-devel-windows-x86_64 | 0.3.0 | 6.00 | 52.00 | 58.00 | NOTE | |
r-patched-linux-x86_64 | 0.3.0 | 3.75 | 29.90 | 33.65 | OK | |
r-release-linux-x86_64 | 0.3.0 | 3.54 | 29.93 | 33.47 | OK | |
r-release-macos-arm64 | 0.3.0 | 21.00 | OK | |||
r-release-macos-x86_64 | 0.3.0 | 30.00 | OK | |||
r-release-windows-x86_64 | 0.3.0 | 5.00 | 51.00 | 56.00 | OK | |
r-oldrel-macos-arm64 | 0.3.0 | 26.00 | OK | |||
r-oldrel-macos-x86_64 | 0.3.0 | 37.00 | OK | |||
r-oldrel-windows-x86_64 | 0.3.0 | 7.00 | 76.00 | 83.00 | OK |
Version: 0.3.0
Check: DESCRIPTION meta-information
Result: NOTE
Missing dependency on R >= 4.1.0 because package code uses the pipe
|> or function shorthand \(...) syntax added in R 4.1.0.
File(s) using such syntax:
‘d3TreeFunctions.R’
Flavors: r-devel-linux-x86_64-debian-clang, r-devel-linux-x86_64-debian-gcc, r-devel-linux-x86_64-fedora-clang, r-devel-linux-x86_64-fedora-gcc, r-devel-macos-x86_64, r-devel-windows-x86_64