CRAN Package Check Results for Package d3plus

Last updated on 2025-04-30 04:50:03 CEST.

Flavor Version Tinstall Tcheck Ttotal Status Flags
r-devel-linux-x86_64-debian-clang 0.1.0 2.67 23.93 26.60 NOTE
r-devel-linux-x86_64-debian-gcc 0.1.0 2.05 19.05 21.10 NOTE
r-devel-linux-x86_64-fedora-clang 0.1.0 38.96 OK
r-devel-linux-x86_64-fedora-gcc 0.1.0 37.06 OK
r-devel-windows-x86_64 0.1.0 6.00 47.00 53.00 OK
r-patched-linux-x86_64 0.1.0 2.81 21.80 24.61 OK
r-release-linux-x86_64 0.1.0 2.64 21.74 24.38 OK
r-release-macos-arm64 0.1.0 18.00 OK
r-release-macos-x86_64 0.1.0 27.00 OK
r-release-windows-x86_64 0.1.0 6.00 47.00 53.00 OK
r-oldrel-macos-arm64 0.1.0 18.00 NOTE
r-oldrel-macos-x86_64 0.1.0 24.00 NOTE
r-oldrel-windows-x86_64 0.1.0 6.00 46.00 52.00 NOTE

Check Details

Version: 0.1.0
Check: CRAN incoming feasibility
Result: NOTE Maintainer: ‘Mauricio Vargas <oec@media.mit.edu>’ No Authors@R field in DESCRIPTION. Please add one, modifying Authors@R: c(person(given = "Mauricio", family = "Vargas", role = c("aut", "cre"), email = "oec@media.mit.edu"), person(given = "Joshua", family = "Kunst", role = "aut"), person(given = "Dave", family = "Landry", role = "ctb"), person(family = "Datawheel", role = "cph")) as necessary. Flavors: r-devel-linux-x86_64-debian-clang, r-devel-linux-x86_64-debian-gcc

Version: 0.1.0
Check: LazyData
Result: NOTE 'LazyData' is specified without a 'data' directory Flavors: r-oldrel-macos-arm64, r-oldrel-macos-x86_64, r-oldrel-windows-x86_64