Last updated on 2025-02-21 03:52:10 CET.
Flavor | Version | Tinstall | Tcheck | Ttotal | Status | Flags |
---|---|---|---|---|---|---|
r-devel-linux-x86_64-debian-clang | 1.0.2 | 14.98 | 163.08 | 178.06 | NOTE | |
r-devel-linux-x86_64-debian-gcc | 1.0.2 | 8.55 | 108.62 | 117.17 | NOTE | |
r-devel-linux-x86_64-fedora-clang | 1.0.2 | 290.48 | NOTE | |||
r-devel-linux-x86_64-fedora-gcc | 1.0.2 | 274.18 | NOTE | |||
r-devel-macos-arm64 | 1.0.2 | 76.00 | NOTE | |||
r-devel-macos-x86_64 | 1.0.2 | 168.00 | NOTE | |||
r-devel-windows-x86_64 | 1.0.2 | 16.00 | 199.00 | 215.00 | NOTE | |
r-patched-linux-x86_64 | 1.0.2 | 14.29 | 147.09 | 161.38 | NOTE | |
r-release-linux-x86_64 | 1.0.2 | 12.49 | 147.18 | 159.67 | NOTE | |
r-release-macos-arm64 | 1.0.2 | 73.00 | NOTE | |||
r-release-macos-x86_64 | 1.0.2 | 117.00 | NOTE | |||
r-release-windows-x86_64 | 1.0.2 | 16.00 | 190.00 | 206.00 | NOTE | |
r-oldrel-macos-arm64 | 1.0.2 | 81.00 | OK | |||
r-oldrel-macos-x86_64 | 1.0.2 | 130.00 | OK | |||
r-oldrel-windows-x86_64 | 1.0.2 | 20.00 | 216.00 | 236.00 | OK |
Version: 1.0.2
Check: Rd files
Result: NOTE
checkRd: (-1) scale_color_dMod.Rd:10: Lost braces
10 | \item{...}{arguments goint to code{scale_color_manual()}}
| ^
checkRd: (-1) scale_fill_dMod.Rd:10: Lost braces
10 | \item{...}{arguments goint to code{scale_color_manual()}}
| ^
checkRd: (-1) trust.Rd:103: Lost braces in \itemize; \value handles \item{}{} directly
checkRd: (-1) trust.Rd:104: Lost braces in \itemize; \value handles \item{}{} directly
checkRd: (-1) trust.Rd:105: Lost braces in \itemize; \value handles \item{}{} directly
checkRd: (-1) trust.Rd:106: Lost braces in \itemize; \value handles \item{}{} directly
checkRd: (-1) trust.Rd:107-108: Lost braces in \itemize; \value handles \item{}{} directly
checkRd: (-1) trust.Rd:109-110: Lost braces in \itemize; \value handles \item{}{} directly
checkRd: (-1) trust.Rd:111-112: Lost braces in \itemize; \value handles \item{}{} directly
checkRd: (-1) trust.Rd:113-114: Lost braces in \itemize; \value handles \item{}{} directly
checkRd: (-1) trust.Rd:115-122: Lost braces in \itemize; \value handles \item{}{} directly
checkRd: (-1) trust.Rd:123-126: Lost braces in \itemize; \value handles \item{}{} directly
checkRd: (-1) trust.Rd:127: Lost braces in \itemize; \value handles \item{}{} directly
checkRd: (-1) trust.Rd:128-131: Lost braces in \itemize; \value handles \item{}{} directly
checkRd: (-1) trust.Rd:132-133: Lost braces in \itemize; \value handles \item{}{} directly
checkRd: (-1) trust.Rd:134-135: Lost braces in \itemize; \value handles \item{}{} directly
checkRd: (-1) trust.Rd:136-138: Lost braces in \itemize; \value handles \item{}{} directly
checkRd: (-1) trust.Rd:139-141: Lost braces in \itemize; \value handles \item{}{} directly
Flavors: r-devel-linux-x86_64-debian-clang, r-devel-linux-x86_64-debian-gcc, r-devel-linux-x86_64-fedora-clang, r-devel-linux-x86_64-fedora-gcc, r-devel-macos-arm64, r-devel-macos-x86_64, r-devel-windows-x86_64, r-patched-linux-x86_64, r-release-linux-x86_64, r-release-macos-arm64, r-release-macos-x86_64, r-release-windows-x86_64