CRAN Package Check Results for Package dafishr

Last updated on 2025-04-30 04:50:03 CEST.

Flavor Version Tinstall Tcheck Ttotal Status Flags
r-devel-linux-x86_64-debian-clang 1.0.1 7.03 65.66 72.69 NOTE
r-devel-linux-x86_64-debian-gcc 1.0.1 4.08 47.53 51.61 NOTE
r-devel-linux-x86_64-fedora-clang 1.0.1 104.06 NOTE
r-devel-linux-x86_64-fedora-gcc 1.0.1 111.94 NOTE
r-devel-windows-x86_64 1.0.1 8.00 85.00 93.00 NOTE
r-patched-linux-x86_64 1.0.1 5.97 60.94 66.91 NOTE
r-release-linux-x86_64 1.0.1 6.07 60.85 66.92 NOTE
r-release-macos-arm64 1.0.1 44.00 NOTE
r-release-macos-x86_64 1.0.1 78.00 NOTE
r-release-windows-x86_64 1.0.1 10.00 85.00 95.00 NOTE
r-oldrel-macos-arm64 1.0.1 41.00 OK
r-oldrel-macos-x86_64 1.0.1 120.00 OK
r-oldrel-windows-x86_64 1.0.1 11.00 96.00 107.00 OK

Check Details

Version: 1.0.1
Check: DESCRIPTION meta-information
Result: NOTE Missing dependency on R >= 4.1.0 because package code uses the pipe |> or function shorthand \(...) syntax added in R 4.1.0. File(s) using such syntax: ‘clean_land_points.R’ ‘join_mpa_data.R’ ‘join_mpa_data.Rd’ ‘join_ports_locations.R’ ‘model_vms.R’ ‘vms_clean.R’ Flavors: r-devel-linux-x86_64-debian-clang, r-devel-linux-x86_64-debian-gcc, r-devel-linux-x86_64-fedora-clang, r-devel-linux-x86_64-fedora-gcc, r-devel-windows-x86_64, r-patched-linux-x86_64, r-release-linux-x86_64, r-release-macos-arm64, r-release-windows-x86_64

Version: 1.0.1
Check: examples
Result: NOTE Examples with CPU (user + system) or elapsed time > 5s user system elapsed clean_land_points 6.131 0.168 7.827 Flavor: r-devel-linux-x86_64-debian-clang

Version: 1.0.1
Check: examples
Result: NOTE Examples with CPU (user + system) or elapsed time > 5s user system elapsed clean_land_points 3.602 0.164 6.702 Flavor: r-devel-linux-x86_64-debian-gcc

Version: 1.0.1
Check: DESCRIPTION meta-information
Result: NOTE Missing dependency on R >= 4.1.0 because package code uses the pipe |> or function shorthand \(...) syntax added in R 4.1.0. File(s) using such syntax: ‘clean_land_points.R’ ‘join_mpa_data.R’ ‘join_ports_locations.R’ ‘model_vms.R’ ‘vms_clean.R’ Flavor: r-release-macos-x86_64