CRAN Package Check Results for Package dagirlite

Last updated on 2025-04-30 04:50:03 CEST.

Flavor Version Tinstall Tcheck Ttotal Status Flags
r-devel-linux-x86_64-debian-clang 0.1.0 1.90 24.57 26.47 OK
r-devel-linux-x86_64-debian-gcc 0.1.0 1.26 19.54 20.80 OK
r-devel-linux-x86_64-fedora-clang 0.1.0 39.98 NOTE
r-devel-linux-x86_64-fedora-gcc 0.1.0 38.92 NOTE
r-devel-windows-x86_64 0.1.0 3.00 50.00 53.00 OK
r-patched-linux-x86_64 0.1.0 2.25 23.90 26.15 OK
r-release-linux-x86_64 0.1.0 1.86 23.74 25.60 OK
r-release-macos-arm64 0.1.0 20.00 OK
r-release-macos-x86_64 0.1.0 28.00 OK
r-release-windows-x86_64 0.1.0 3.00 52.00 55.00 OK
r-oldrel-macos-arm64 0.1.0 18.00 OK
r-oldrel-macos-x86_64 0.1.0 24.00 OK
r-oldrel-windows-x86_64 0.1.0 3.00 48.00 51.00 OK

Check Details

Version: 0.1.0
Check: dependencies in R code
Result: NOTE Namespace in Imports field not imported from: ‘knitr’ All declared Imports should be used. Flavors: r-devel-linux-x86_64-fedora-clang, r-devel-linux-x86_64-fedora-gcc