Last updated on 2025-04-30 04:50:03 CEST.
Flavor | Version | Tinstall | Tcheck | Ttotal | Status | Flags |
---|---|---|---|---|---|---|
r-devel-linux-x86_64-debian-clang | 0.3-4 | 5.30 | 50.48 | 55.78 | NOTE | |
r-devel-linux-x86_64-debian-gcc | 0.3-4 | 3.91 | 37.67 | 41.58 | NOTE | |
r-devel-linux-x86_64-fedora-clang | 0.3-4 | 84.79 | OK | |||
r-devel-linux-x86_64-fedora-gcc | 0.3-4 | 97.01 | OK | |||
r-devel-windows-x86_64 | 0.3-4 | 6.00 | 77.00 | 83.00 | OK | |
r-patched-linux-x86_64 | 0.3-4 | 6.01 | 48.49 | 54.50 | OK | |
r-release-linux-x86_64 | 0.3-4 | 5.11 | 48.25 | 53.36 | OK | |
r-release-macos-arm64 | 0.3-4 | 41.00 | OK | |||
r-release-macos-x86_64 | 0.3-4 | 73.00 | OK | |||
r-release-windows-x86_64 | 0.3-4 | 7.00 | 75.00 | 82.00 | OK | |
r-oldrel-macos-arm64 | 0.3-4 | 39.00 | OK | |||
r-oldrel-macos-x86_64 | 0.3-4 | 49.00 | OK | |||
r-oldrel-windows-x86_64 | 0.3-4 | 8.00 | 80.00 | 88.00 | OK |
Version: 0.3-4
Check: CRAN incoming feasibility
Result: NOTE
Maintainer: ‘Johannes Textor <johannes.textor@gmx.de>’
No Authors@R field in DESCRIPTION.
Please add one, modifying
Authors@R: c(person(given = "Johannes",
family = "Textor",
role = c("aut", "cre"),
email = "johannes.textor@gmx.de"),
person(given = "Benito",
family = "van der Zander",
role = "aut"),
person(given = "Ankur",
family = "Ankan",
role = "aut"))
as necessary.
Flavors: r-devel-linux-x86_64-debian-clang, r-devel-linux-x86_64-debian-gcc