Last updated on 2025-04-30 04:50:03 CEST.
Flavor | Version | Tinstall | Tcheck | Ttotal | Status | Flags |
---|---|---|---|---|---|---|
r-devel-linux-x86_64-debian-clang | 0.1.4 | 2.43 | 31.98 | 34.41 | NOTE | |
r-devel-linux-x86_64-debian-gcc | 0.1.4 | 2.17 | 23.76 | 25.93 | OK | |
r-devel-linux-x86_64-fedora-clang | 0.1.4 | 52.10 | OK | |||
r-devel-linux-x86_64-fedora-gcc | 0.1.4 | 50.46 | OK | |||
r-devel-windows-x86_64 | 0.1.4 | 4.00 | 52.00 | 56.00 | OK | |
r-patched-linux-x86_64 | 0.1.4 | 2.85 | 30.81 | 33.66 | OK | |
r-release-linux-x86_64 | 0.1.4 | 2.86 | 30.63 | 33.49 | OK | |
r-release-macos-arm64 | 0.1.4 | 21.00 | OK | |||
r-release-macos-x86_64 | 0.1.4 | 35.00 | OK | |||
r-release-windows-x86_64 | 0.1.4 | 4.00 | 50.00 | 54.00 | OK | |
r-oldrel-macos-arm64 | 0.1.4 | 19.00 | OK | |||
r-oldrel-macos-x86_64 | 0.1.4 | 29.00 | OK | |||
r-oldrel-windows-x86_64 | 0.1.4 | 4.00 | 53.00 | 57.00 | OK |
Version: 0.1.4
Check: examples
Result: NOTE
Examples with CPU (user + system) or elapsed time > 5s
user system elapsed
dagwood 6.101 0.211 7.248
Flavor: r-devel-linux-x86_64-debian-clang