Last updated on 2025-04-30 04:50:03 CEST.
Flavor | Version | Tinstall | Tcheck | Ttotal | Status | Flags |
---|---|---|---|---|---|---|
r-devel-linux-x86_64-debian-clang | 1.0.787 | 20.76 | 162.00 | 182.76 | NOTE | |
r-devel-linux-x86_64-debian-gcc | 1.0.787 | 16.14 | 115.46 | 131.60 | NOTE | |
r-devel-linux-x86_64-fedora-clang | 1.0.787 | 294.97 | OK | |||
r-devel-linux-x86_64-fedora-gcc | 1.0.787 | 272.56 | OK | |||
r-devel-windows-x86_64 | 1.0.787 | 21.00 | 142.00 | 163.00 | OK | |
r-patched-linux-x86_64 | 1.0.787 | 18.46 | 150.14 | 168.60 | OK | |
r-release-linux-x86_64 | 1.0.787 | 20.33 | 149.17 | 169.50 | OK | |
r-release-macos-arm64 | 1.0.787 | 73.00 | OK | |||
r-release-macos-x86_64 | 1.0.787 | 152.00 | OK | |||
r-release-windows-x86_64 | 1.0.787 | 22.00 | 150.00 | 172.00 | OK | |
r-oldrel-macos-arm64 | 1.0.787 | 85.00 | OK | |||
r-oldrel-macos-x86_64 | 1.0.787 | 159.00 | OK | |||
r-oldrel-windows-x86_64 | 1.0.787 | 29.00 | 184.00 | 213.00 | OK |
Version: 1.0.787
Check: DESCRIPTION meta-information
Result: NOTE
Author field differs from that derived from Authors@R
Author: ‘Eduardo Ogasawara [aut, ths, cre] (<https://orcid.org/0000-0002-0466-0626>), Diego Salles [aut, ths], Federal Center for Technological Education of Rio de Janeiro (CEFET/RJ) [cph] (CEFET/RJ)’
Authors@R: ‘Eduardo Ogasawara [aut, ths, cre] (ORCID: <https://orcid.org/0000-0002-0466-0626>), Diego Salles [aut, ths], Federal Center for Technological Education of Rio de Janeiro (CEFET/RJ) [cph] (organization: CEFET/RJ)’
Flavors: r-devel-linux-x86_64-debian-clang, r-devel-linux-x86_64-debian-gcc