Last updated on 2025-04-30 04:50:03 CEST.
Flavor | Version | Tinstall | Tcheck | Ttotal | Status | Flags |
---|---|---|---|---|---|---|
r-devel-linux-x86_64-debian-clang | 1.0.5 | 43.13 | 394.28 | 437.41 | NOTE | |
r-devel-linux-x86_64-debian-gcc | 1.0.5 | 29.43 | 245.04 | 274.47 | NOTE | |
r-devel-linux-x86_64-fedora-clang | 1.0.5 | 760.97 | OK | |||
r-devel-linux-x86_64-fedora-gcc | 1.0.5 | 645.29 | OK | |||
r-devel-windows-x86_64 | 1.0.5 | 40.00 | 300.00 | 340.00 | OK | |
r-patched-linux-x86_64 | 1.0.5 | 41.75 | 367.34 | 409.09 | OK | |
r-release-linux-x86_64 | 1.0.5 | 43.29 | 370.06 | 413.35 | OK | |
r-release-macos-arm64 | 1.0.5 | 147.00 | OK | |||
r-release-macos-x86_64 | 1.0.5 | 144.00 | OK | |||
r-release-windows-x86_64 | 1.0.5 | 42.00 | 293.00 | 335.00 | OK | |
r-oldrel-macos-arm64 | 1.0.5 | 65.00 | OK | |||
r-oldrel-macos-x86_64 | 1.0.5 | 182.00 | OK | |||
r-oldrel-windows-x86_64 | 1.0.5 | 55.00 | 406.00 | 461.00 | OK |
Version: 1.0.5
Check: examples
Result: NOTE
Examples with CPU (user + system) or elapsed time > 5s
user system elapsed
gl.infer.sex 6.384 0.103 8.475
gl.drop.sexlinked 5.586 0.092 6.651
gl.keep.sexlinked 5.178 0.020 7.233
gl.report.sexlinked 5.071 0.033 7.913
Flavor: r-devel-linux-x86_64-debian-clang
Version: 1.0.5
Check: examples
Result: NOTE
Examples with CPU (user + system) or elapsed time > 5s
user system elapsed
gl.infer.sex 3.739 0.172 5.406
Flavor: r-devel-linux-x86_64-debian-gcc