Last updated on 2025-02-21 03:52:10 CET.
Flavor | Version | Tinstall | Tcheck | Ttotal | Status | Flags |
---|---|---|---|---|---|---|
r-devel-linux-x86_64-debian-clang | 0.1.0 | 4.60 | 46.13 | 50.73 | OK | |
r-devel-linux-x86_64-debian-gcc | 0.1.0 | 3.04 | 32.54 | 35.58 | OK | |
r-devel-linux-x86_64-fedora-clang | 0.1.0 | 84.40 | OK | |||
r-devel-linux-x86_64-fedora-gcc | 0.1.0 | 87.13 | OK | |||
r-devel-macos-arm64 | 0.1.0 | 33.00 | OK | |||
r-devel-macos-x86_64 | 0.1.0 | 47.00 | ERROR | |||
r-devel-windows-x86_64 | 0.1.0 | 6.00 | 69.00 | 75.00 | OK | |
r-patched-linux-x86_64 | 0.1.0 | 4.46 | 41.87 | 46.33 | OK | |
r-release-linux-x86_64 | 0.1.0 | 3.64 | 41.84 | 45.48 | OK | |
r-release-macos-arm64 | 0.1.0 | 30.00 | OK | |||
r-release-macos-x86_64 | 0.1.0 | 48.00 | OK | |||
r-release-windows-x86_64 | 0.1.0 | 7.00 | 70.00 | 77.00 | OK | |
r-oldrel-macos-arm64 | 0.1.0 | 33.00 | OK | |||
r-oldrel-macos-x86_64 | 0.1.0 | 73.00 | OK | |||
r-oldrel-windows-x86_64 | 0.1.0 | 9.00 | 76.00 | 85.00 | OK |
Version: 0.1.0
Check: re-building of vignette outputs
Result: ERROR
Error(s) in re-building vignettes:
--- re-building ‘V1_dataSDA.Rmd’ using rmarkdown
Quitting from lines 21-29 [setup] (V1_dataSDA.Rmd)
Error: processing vignette 'V1_dataSDA.Rmd' failed with diagnostics:
there is no package called 'RSDA'
--- failed re-building ‘V1_dataSDA.Rmd’
SUMMARY: processing the following file failed:
‘V1_dataSDA.Rmd’
Error: Vignette re-building failed.
Execution halted
Flavor: r-devel-macos-x86_64