Last updated on 2025-05-02 04:49:32 CEST.
Flavor | Version | Tinstall | Tcheck | Ttotal | Status | Flags |
---|---|---|---|---|---|---|
r-devel-linux-x86_64-debian-clang | 1.1.1 | 5.34 | 41.82 | 47.16 | NOTE | |
r-devel-linux-x86_64-debian-gcc | 1.1.1 | 4.00 | 31.21 | 35.21 | OK | |
r-devel-linux-x86_64-fedora-clang | 1.1.1 | 73.29 | OK | |||
r-devel-linux-x86_64-fedora-gcc | 1.1.1 | 72.49 | OK | |||
r-devel-windows-x86_64 | 1.1.1 | 6.00 | 65.00 | 71.00 | OK | |
r-patched-linux-x86_64 | 1.1.1 | 5.12 | 40.87 | 45.99 | OK | |
r-release-linux-x86_64 | OK | |||||
r-release-macos-arm64 | 1.1.1 | 25.00 | OK | |||
r-release-macos-x86_64 | 1.1.1 | 53.00 | OK | |||
r-release-windows-x86_64 | 1.1.1 | 8.00 | 74.00 | 82.00 | OK | |
r-oldrel-macos-arm64 | 1.1.1 | 25.00 | OK | |||
r-oldrel-macos-x86_64 | 1.1.1 | 45.00 | OK | |||
r-oldrel-windows-x86_64 | 1.1.1 | 8.00 | 74.00 | 82.00 | OK |
Version: 1.1.1
Check: examples
Result: NOTE
Examples with CPU (user + system) or elapsed time > 5s
user system elapsed
qc 4.119 0.144 5.028
Flavor: r-devel-linux-x86_64-debian-clang