Last updated on 2025-04-30 04:50:03 CEST.
Flavor | Version | Tinstall | Tcheck | Ttotal | Status | Flags |
---|---|---|---|---|---|---|
r-devel-linux-x86_64-debian-clang | 1.2.7 | 4.47 | 65.91 | 70.38 | NOTE | |
r-devel-linux-x86_64-debian-gcc | 1.2.7 | 3.20 | 44.00 | 47.20 | NOTE | |
r-devel-linux-x86_64-fedora-clang | 1.2.7 | 109.56 | OK | |||
r-devel-linux-x86_64-fedora-gcc | 1.2.7 | 117.94 | OK | |||
r-devel-windows-x86_64 | 1.2.7 | 7.00 | 90.00 | 97.00 | OK | |
r-patched-linux-x86_64 | 1.2.7 | 4.60 | 61.85 | 66.45 | OK | |
r-release-linux-x86_64 | 1.2.7 | 3.71 | 62.19 | 65.90 | OK | |
r-release-macos-arm64 | 1.2.7 | 35.00 | OK | |||
r-release-macos-x86_64 | 1.2.7 | 96.00 | OK | |||
r-release-windows-x86_64 | 1.2.7 | 7.00 | 92.00 | 99.00 | OK | |
r-oldrel-macos-arm64 | 1.2.7 | 51.00 | OK | |||
r-oldrel-macos-x86_64 | 1.2.7 | 111.00 | OK | |||
r-oldrel-windows-x86_64 | 1.2.7 | 7.00 | 104.00 | 111.00 | OK |
Version: 1.2.7
Check: examples
Result: NOTE
Examples with CPU (user + system) or elapsed time > 5s
user system elapsed
err.est.rqda 10.202 0.003 12.757
err.est.rlda 9.844 0.048 11.501
predict.rqda 6.826 0.000 8.492
Flavor: r-devel-linux-x86_64-debian-clang
Version: 1.2.7
Check: examples
Result: NOTE
Examples with CPU (user + system) or elapsed time > 5s
user system elapsed
err.est.rqda 5.568 0.023 6.889
err.est.rlda 5.178 0.023 6.763
Flavor: r-devel-linux-x86_64-debian-gcc