CRAN Package Check Results for Package dbd

Last updated on 2025-04-30 04:50:03 CEST.

Flavor Version Tinstall Tcheck Ttotal Status Flags
r-devel-linux-x86_64-debian-clang 0.0-22 3.28 47.47 50.75 NOTE
r-devel-linux-x86_64-debian-gcc 0.0-22 2.34 32.06 34.40 NOTE
r-devel-linux-x86_64-fedora-clang 0.0-22 79.86 NOTE
r-devel-linux-x86_64-fedora-gcc 0.0-22 76.33 NOTE
r-devel-windows-x86_64 0.0-22 5.00 74.00 79.00 NOTE
r-patched-linux-x86_64 0.0-22 4.36 44.33 48.69 NOTE
r-release-linux-x86_64 0.0-22 2.99 44.86 47.85 NOTE
r-release-macos-arm64 0.0-22 23.00 NOTE
r-release-macos-x86_64 0.0-22 64.00 NOTE
r-release-windows-x86_64 0.0-22 6.00 73.00 79.00 NOTE
r-oldrel-macos-arm64 0.0-22 22.00 NOTE
r-oldrel-macos-x86_64 0.0-22 37.00 NOTE
r-oldrel-windows-x86_64 0.0-22 6.00 76.00 82.00 NOTE

Check Details

Version: 0.0-22
Check: CRAN incoming feasibility
Result: NOTE Maintainer: ‘Rolf Turner <r.turner@auckland.ac.nz>’ No Authors@R field in DESCRIPTION. Please add one, modifying Authors@R: person(given = "Rolf", family = "Turner", role = c("aut", "cre"), email = "r.turner@auckland.ac.nz") as necessary. Flavors: r-devel-linux-x86_64-debian-clang, r-devel-linux-x86_64-debian-gcc

Version: 0.0-22
Check: Rd files
Result: NOTE checkRd: (-1) plot.mleBb.Rd:48: Lost braces 48 | \ code{size} is extracted from argument \code{x}. | ^ Flavors: r-devel-linux-x86_64-debian-clang, r-devel-linux-x86_64-debian-gcc, r-devel-linux-x86_64-fedora-clang, r-devel-linux-x86_64-fedora-gcc, r-devel-windows-x86_64, r-patched-linux-x86_64, r-release-linux-x86_64, r-release-macos-arm64, r-release-macos-x86_64, r-release-windows-x86_64, r-oldrel-macos-arm64, r-oldrel-macos-x86_64, r-oldrel-windows-x86_64

Version: 0.0-22
Check: examples
Result: NOTE Examples with CPU (user + system) or elapsed time > 5s user system elapsed mcCovMat 6.545 0.007 9.500 visRecog 4.987 0.012 6.218 Flavor: r-devel-linux-x86_64-debian-clang