CRAN Package Check Results for Package dbglm

Last updated on 2025-04-30 04:50:03 CEST.

Flavor Version Tinstall Tcheck Ttotal Status Flags
r-devel-linux-x86_64-debian-clang 1.0.0 5.86 47.65 53.51 OK
r-devel-linux-x86_64-debian-gcc 1.0.0 4.41 34.97 39.38 OK
r-devel-linux-x86_64-fedora-clang 1.0.0 88.61 NOTE
r-devel-linux-x86_64-fedora-gcc 1.0.0 84.05 NOTE
r-devel-windows-x86_64 1.0.0 7.00 66.00 73.00 OK
r-patched-linux-x86_64 1.0.0 6.00 44.57 50.57 OK
r-release-linux-x86_64 1.0.0 4.59 44.42 49.01 OK
r-release-macos-arm64 1.0.0 28.00 OK
r-release-macos-x86_64 1.0.0 51.00 OK
r-release-windows-x86_64 1.0.0 9.00 68.00 77.00 OK
r-oldrel-macos-arm64 1.0.0 28.00 OK
r-oldrel-macos-x86_64 1.0.0 43.00 OK
r-oldrel-windows-x86_64 1.0.0 10.00 77.00 87.00 OK

Check Details

Version: 1.0.0
Check: dependencies in R code
Result: NOTE Namespaces in Imports field not imported from: ‘knitr’ ‘tidyverse’ ‘vctrs’ All declared Imports should be used. Flavors: r-devel-linux-x86_64-fedora-clang, r-devel-linux-x86_64-fedora-gcc