CRAN Package Check Results for Package dccpp

Last updated on 2025-04-30 04:50:03 CEST.

Flavor Version Tinstall Tcheck Ttotal Status Flags
r-devel-linux-x86_64-debian-clang 0.1.0 19.02 24.75 43.77 NOTE
r-devel-linux-x86_64-debian-gcc 0.1.0 14.02 19.64 33.66 NOTE
r-devel-linux-x86_64-fedora-clang 0.1.0 83.21 OK
r-devel-linux-x86_64-fedora-gcc 0.1.0 74.56 OK
r-devel-windows-x86_64 0.1.0 25.00 77.00 102.00 OK
r-patched-linux-x86_64 0.1.0 20.40 22.26 42.66 OK
r-release-linux-x86_64 0.1.0 21.15 22.80 43.95 OK
r-release-macos-arm64 0.1.0 26.00 OK
r-release-macos-x86_64 0.1.0 39.00 OK
r-release-windows-x86_64 0.1.0 26.00 67.00 93.00 OK
r-oldrel-macos-arm64 0.1.0 26.00 OK
r-oldrel-macos-x86_64 0.1.0 36.00 OK
r-oldrel-windows-x86_64 0.1.0 29.00 73.00 102.00 OK

Check Details

Version: 0.1.0
Check: CRAN incoming feasibility
Result: NOTE Maintainer: ‘Jonathan Berrisch <Jonathan@Berrisch.biz>’ The Description field contains distance correlation (see Chaudhuri, Hu (2019) <arXiv:1810.11332> Please refer to arXiv e-prints via their arXiv DOI <doi:10.48550/arXiv.YYMM.NNNNN>. Flavors: r-devel-linux-x86_64-debian-clang, r-devel-linux-x86_64-debian-gcc