CRAN Package Check Results for Package dclone

Last updated on 2025-02-22 05:51:33 CET.

Flavor Version Tinstall Tcheck Ttotal Status Flags
r-devel-linux-x86_64-debian-clang 2.3-2 27.33 160.33 187.66 NOTE
r-devel-linux-x86_64-debian-gcc 2.3-2 21.10 116.22 137.32 NOTE
r-devel-linux-x86_64-fedora-clang 2.3-2 295.17 OK
r-devel-linux-x86_64-fedora-gcc 2.3-2 279.45 OK
r-devel-macos-arm64 2.3-2 64.00 OK
r-devel-macos-x86_64 2.3-2 150.00 OK
r-devel-windows-x86_64 2.3-2 19.00 162.00 181.00 NOTE
r-patched-linux-x86_64 2.3-2 33.29 155.11 188.40 OK
r-release-linux-x86_64 2.3-2 27.29 154.10 181.39 OK
r-release-macos-arm64 2.3-2 68.00 NOTE
r-release-macos-x86_64 2.3-2 135.00 NOTE
r-release-windows-x86_64 2.3-2 20.00 160.00 180.00 NOTE
r-oldrel-macos-arm64 2.3-2 55.00 NOTE
r-oldrel-macos-x86_64 2.3-2 137.00 NOTE
r-oldrel-windows-x86_64 2.3-2 27.00 194.00 221.00 NOTE

Check Details

Version: 2.3-2
Check: Rd cross-references
Result: NOTE Found the following Rd file(s) with Rd \link{} targets missing package anchors: dcoptions.Rd: gelman.diag Please provide package anchors for all Rd \link{} targets not in the package itself and the base packages. Flavors: r-devel-linux-x86_64-debian-clang, r-devel-linux-x86_64-debian-gcc, r-devel-windows-x86_64

Version: 2.3-2
Check: package dependencies
Result: NOTE Package suggested but not available for checking: ‘BRugs’ Flavors: r-release-macos-arm64, r-release-macos-x86_64, r-release-windows-x86_64, r-oldrel-macos-arm64, r-oldrel-macos-x86_64, r-oldrel-windows-x86_64