CRAN Package Check Results for Package dcmle

Last updated on 2025-04-30 04:50:03 CEST.

Flavor Version Tinstall Tcheck Ttotal Status Flags
r-devel-linux-x86_64-debian-clang 0.4-1 29.27 216.95 246.22 NOTE
r-devel-linux-x86_64-debian-gcc 0.4-1 22.00 150.69 172.69 NOTE
r-devel-linux-x86_64-fedora-clang 0.4-1 377.63 OK
r-devel-linux-x86_64-fedora-gcc 0.4-1 368.33 OK
r-devel-windows-x86_64 0.4-1 25.00 219.00 244.00 NOTE
r-patched-linux-x86_64 0.4-1 30.61 211.23 241.84 NOTE
r-release-linux-x86_64 0.4-1 29.80 210.51 240.31 NOTE
r-release-macos-arm64 0.4-1 95.00 OK
r-release-macos-x86_64 0.4-1 207.00 OK
r-release-windows-x86_64 0.4-1 23.00 214.00 237.00 NOTE
r-oldrel-macos-arm64 0.4-1 93.00 OK
r-oldrel-macos-x86_64 0.4-1 153.00 OK
r-oldrel-windows-x86_64 0.4-1 32.00 265.00 297.00 OK

Check Details

Version: 0.4-1
Check: CRAN incoming feasibility
Result: NOTE Maintainer: ‘Peter Solymos <psolymos@gmail.com>’ No Authors@R field in DESCRIPTION. Please add one, modifying Authors@R: person(given = "Peter", family = "Solymos", role = c("aut", "cre"), email = "psolymos@gmail.com") as necessary. Flavors: r-devel-linux-x86_64-debian-clang, r-devel-linux-x86_64-debian-gcc

Version: 0.4-1
Check: Rd cross-references
Result: NOTE Found the following Rd file(s) with Rd \link{} targets missing package anchors: dcFit-class.Rd: bugs.fit gsFit-class.Rd: bugs.fit Please provide package anchors for all Rd \link{} targets not in the package itself and the base packages. Flavors: r-devel-linux-x86_64-debian-clang, r-devel-linux-x86_64-debian-gcc, r-devel-windows-x86_64, r-patched-linux-x86_64, r-release-linux-x86_64, r-release-windows-x86_64