Last updated on 2025-02-22 05:51:33 CET.
Flavor | Version | Tinstall | Tcheck | Ttotal | Status | Flags |
---|---|---|---|---|---|---|
r-devel-linux-x86_64-debian-clang | 0.1.1 | 87.76 | 23.20 | 110.96 | OK | |
r-devel-linux-x86_64-debian-gcc | 0.1.1 | 57.92 | 18.17 | 76.09 | OK | |
r-devel-linux-x86_64-fedora-clang | 0.1.1 | 231.83 | OK | |||
r-devel-linux-x86_64-fedora-gcc | 0.1.1 | 201.42 | OK | |||
r-devel-macos-arm64 | 0.1.1 | 46.00 | OK | |||
r-devel-macos-x86_64 | 0.1.1 | 56.00 | OK | |||
r-devel-windows-x86_64 | 0.1.1 | 92.00 | 63.00 | 155.00 | OK | |
r-patched-linux-x86_64 | 0.1.1 | 80.80 | 21.95 | 102.75 | NOTE | |
r-release-linux-x86_64 | 0.1.1 | 83.93 | 21.86 | 105.79 | NOTE | |
r-release-macos-arm64 | 0.1.1 | 44.00 | NOTE | |||
r-release-macos-x86_64 | 0.1.1 | 48.00 | NOTE | |||
r-release-windows-x86_64 | 0.1.1 | 93.00 | 62.00 | 155.00 | NOTE | |
r-oldrel-macos-arm64 | 0.1.1 | 61.00 | NOTE | |||
r-oldrel-macos-x86_64 | 0.1.1 | 101.00 | NOTE | |||
r-oldrel-windows-x86_64 | 0.1.1 | 106.00 | 73.00 | 179.00 | NOTE |
Version: 0.1.1
Check: LazyData
Result: NOTE
'LazyData' is specified without a 'data' directory
Flavors: r-patched-linux-x86_64, r-release-linux-x86_64, r-release-macos-arm64, r-release-macos-x86_64, r-release-windows-x86_64, r-oldrel-macos-arm64, r-oldrel-macos-x86_64, r-oldrel-windows-x86_64