Last updated on 2025-04-30 04:50:03 CEST.
Flavor | Version | Tinstall | Tcheck | Ttotal | Status | Flags |
---|---|---|---|---|---|---|
r-devel-linux-x86_64-debian-clang | 0.9.2 | 35.77 | 23.76 | 59.53 | NOTE | |
r-devel-linux-x86_64-debian-gcc | 0.9.2 | 24.87 | 19.16 | 44.03 | NOTE | |
r-devel-linux-x86_64-fedora-clang | 0.9.2 | 114.39 | NOTE | |||
r-devel-linux-x86_64-fedora-gcc | 0.9.2 | 105.43 | NOTE | |||
r-devel-windows-x86_64 | 0.9.2 | 44.00 | 74.00 | 118.00 | NOTE | |
r-patched-linux-x86_64 | 0.9.2 | 34.66 | 22.57 | 57.23 | NOTE | |
r-release-linux-x86_64 | 0.9.2 | 34.77 | 23.16 | 57.93 | NOTE | |
r-release-macos-arm64 | 0.9.2 | 32.00 | NOTE | |||
r-release-macos-x86_64 | 0.9.2 | 41.00 | NOTE | |||
r-release-windows-x86_64 | 0.9.2 | 42.00 | 64.00 | 106.00 | NOTE | |
r-oldrel-macos-arm64 | 0.9.2 | 33.00 | NOTE | |||
r-oldrel-macos-x86_64 | 0.9.2 | 34.00 | NOTE | |||
r-oldrel-windows-x86_64 | 0.9.2 | 47.00 | 75.00 | 122.00 | NOTE |
Version: 0.9.2
Check: CRAN incoming feasibility
Result: NOTE
Maintainer: ‘Oğuzhan Öğreden <oguzhan@oguzhanogreden.com>’
No Authors@R field in DESCRIPTION.
Please add one, modifying
Authors@R: person(given = "Oğuzhan",
family = "Öğreden",
role = c("aut", "cre"),
email = "oguzhan@oguzhanogreden.com")
as necessary.
Flavors: r-devel-linux-x86_64-debian-clang, r-devel-linux-x86_64-debian-gcc
Version: 0.9.2
Check: C++ specification
Result: NOTE
Specified C++11: please drop specification unless essential
Flavors: r-devel-linux-x86_64-debian-clang, r-devel-linux-x86_64-debian-gcc, r-devel-linux-x86_64-fedora-clang, r-devel-linux-x86_64-fedora-gcc, r-devel-windows-x86_64, r-patched-linux-x86_64, r-release-linux-x86_64, r-release-macos-arm64, r-release-macos-x86_64, r-release-windows-x86_64, r-oldrel-macos-arm64, r-oldrel-macos-x86_64, r-oldrel-windows-x86_64