Last updated on 2025-04-30 04:50:03 CEST.
Flavor | Version | Tinstall | Tcheck | Ttotal | Status | Flags |
---|---|---|---|---|---|---|
r-devel-linux-x86_64-debian-clang | 0.5.0 | 9.55 | 143.42 | 152.97 | NOTE | |
r-devel-linux-x86_64-debian-gcc | 0.5.0 | 7.70 | 96.69 | 104.39 | OK | |
r-devel-linux-x86_64-fedora-clang | 0.5.0 | 230.74 | OK | |||
r-devel-linux-x86_64-fedora-gcc | 0.5.0 | 233.47 | OK | |||
r-devel-windows-x86_64 | 0.5.0 | 13.00 | 125.00 | 138.00 | OK | |
r-patched-linux-x86_64 | 0.5.0 | 8.84 | 132.32 | 141.16 | OK | |
r-release-linux-x86_64 | 0.5.0 | 10.42 | 132.50 | 142.92 | OK | |
r-release-macos-arm64 | 0.5.0 | 65.00 | OK | |||
r-release-macos-x86_64 | 0.5.0 | 134.00 | OK | |||
r-release-windows-x86_64 | 0.5.0 | 11.00 | 124.00 | 135.00 | OK | |
r-oldrel-macos-arm64 | 0.5.0 | 65.00 | OK | |||
r-oldrel-macos-x86_64 | 0.5.0 | 192.00 | OK | |||
r-oldrel-windows-x86_64 | 0.5.0 | 14.00 | 164.00 | 178.00 | OK |
Version: 0.5.0
Check: examples
Result: NOTE
Examples with CPU (user + system) or elapsed time > 5s
user system elapsed
dca 4.935 0.177 7.290
net_intervention_avoided 3.636 0.012 5.573
Flavor: r-devel-linux-x86_64-debian-clang