Last updated on 2025-04-30 04:50:03 CEST.
Flavor | Version | Tinstall | Tcheck | Ttotal | Status | Flags |
---|---|---|---|---|---|---|
r-devel-linux-x86_64-debian-clang | 0.3.0 | 3.70 | 99.01 | 102.71 | NOTE | |
r-devel-linux-x86_64-debian-gcc | 0.3.0 | 2.77 | 70.78 | 73.55 | OK | |
r-devel-linux-x86_64-fedora-clang | 0.3.0 | 165.38 | OK | |||
r-devel-linux-x86_64-fedora-gcc | 0.3.0 | 197.00 | OK | |||
r-devel-windows-x86_64 | 0.3.0 | 5.00 | 109.00 | 114.00 | OK | |
r-patched-linux-x86_64 | 0.3.0 | 4.38 | 94.94 | 99.32 | OK | |
r-release-linux-x86_64 | 0.3.0 | 3.78 | 97.90 | 101.68 | OK | |
r-release-macos-arm64 | 0.3.0 | 55.00 | OK | |||
r-release-macos-x86_64 | 0.3.0 | 99.00 | OK | |||
r-release-windows-x86_64 | 0.3.0 | 5.00 | 108.00 | 113.00 | OK | |
r-oldrel-macos-arm64 | 0.3.0 | 50.00 | OK | |||
r-oldrel-macos-x86_64 | 0.3.0 | 115.00 | OK | |||
r-oldrel-windows-x86_64 | 0.3.0 | 6.00 | 137.00 | 143.00 | OK |
Version: 0.3.0
Check: examples
Result: NOTE
Examples with CPU (user + system) or elapsed time > 5s
user system elapsed
ddml_late 3.87 0.083 5.706
Flavor: r-devel-linux-x86_64-debian-clang