Last updated on 2025-04-30 04:50:03 CEST.
Flavor | Version | Tinstall | Tcheck | Ttotal | Status | Flags |
---|---|---|---|---|---|---|
r-devel-linux-x86_64-debian-clang | 1.1 | 6.42 | 75.32 | 81.74 | NOTE | |
r-devel-linux-x86_64-debian-gcc | 1.1 | 5.73 | 51.81 | 57.54 | NOTE | |
r-devel-linux-x86_64-fedora-clang | 1.1 | 124.85 | OK | |||
r-devel-linux-x86_64-fedora-gcc | 1.1 | 123.76 | OK | |||
r-devel-windows-x86_64 | 1.1 | 8.00 | 86.00 | 94.00 | OK | |
r-patched-linux-x86_64 | 1.1 | 7.98 | 72.66 | 80.64 | OK | |
r-release-linux-x86_64 | 1.1 | 7.55 | 71.88 | 79.43 | OK | |
r-release-macos-arm64 | 1.1 | 39.00 | OK | |||
r-release-macos-x86_64 | 1.1 | 85.00 | OK | |||
r-release-windows-x86_64 | 1.1 | 9.00 | 85.00 | 94.00 | OK | |
r-oldrel-macos-arm64 | 1.1 | 35.00 | OK | |||
r-oldrel-macos-x86_64 | 1.1 | 53.00 | OK | |||
r-oldrel-windows-x86_64 | 1.1 | 10.00 | 100.00 | 110.00 | OK |
Version: 1.1
Check: CRAN incoming feasibility
Result: NOTE
Maintainer: ‘Fan Yang <fyang1@uchicago.edu>’
The Description field contains
<arXiv:1906.00051>) by decomposing a large covariance matrix into a
Please refer to arXiv e-prints via their arXiv DOI <doi:10.48550/arXiv.YYMM.NNNNN>.
Flavors: r-devel-linux-x86_64-debian-clang, r-devel-linux-x86_64-debian-gcc
Version: 1.1
Check: examples
Result: NOTE
Examples with CPU (user + system) or elapsed time > 5s
user system elapsed
DDPCA_convex 8.014 0 11.51
Flavor: r-devel-linux-x86_64-debian-clang